(760,'https://demoweblinks.in/troosten/wp-content/uploads/2022/05/Picture8.jpg','72:1f7cf2d8119684b88be565259b428b36',3315,'post','attachment',1,3314,NULL,NULL,'Picture8','inherit',NULL,0,NULL,NULL,NULL,NULL,NULL,0,0,NULL,0,NULL,NULL,NULL,NULL,'https://demoweblinks.in/troosten/wp-content/uploads/2022/05/Picture8.jpg',NULL,'3315','attachment-image',NULL,NULL,NULL,'3315','attachment-image',NULL,NULL,2,NULL,'2022-05-10 05:24:01','2022-05-10 05:32:44',1,NULL,NULL,NULL,NULL,1,NULL,2,'2022-05-10 05:24:01','2022-05-10 05:24:01'),(761,'https://demoweblinks.in/troosten/gallery/commercial-special-7/','62:3edf5cf439b5640319dfa1c9a0aba666',3316,'post','gallery',1,0,NULL,NULL,'Commercial / Special 7','publish',NULL,0,NULL,NULL,NULL,NULL,NULL,60,0,NULL,0,NULL,NULL,NULL,NULL,'https://demoweblinks.in/troosten/wp-content/uploads/2022/05/Picture09.png',NULL,'3317','featured-image',NULL,NULL,'https://demoweblinks.in/troosten/wp-content/uploads/2022/05/Picture09.png','3317','featured-image','{\"width\":341,\"height\":274,\"url\":\"https://demoweblinks.in/troosten/wp-content/uploads/2022/05/Picture09.png\",\"path\":\"/home2/assarbbq/public_html/demoweblinks.in/troosten/wp-content/uploads/2022/05/Picture09.png\",\"size\":\"full\",\"id\":3317,\"alt\":\"\",\"pixels\":93434,\"type\":\"image/png\"}',0,NULL,NULL,'2022-05-10 05:24:41','2022-05-10 05:24:41',1,NULL,NULL,NULL,NULL,0,NULL,2,'2022-05-10 05:24:41','2022-05-10 05:24:41'),(762,'https://demoweblinks.in/troosten/gallery-cat/residencial/','57:84c5467e65b04d14c48f6aac84196eea',85,'term','gallery-cat',NULL,NULL,NULL,NULL,'Residencial',NULL,NULL,0,NULL,NULL,NULL,NULL,NULL,NULL,0,NULL,NULL,NULL,NULL,NULL,NULL,NULL,NULL,NULL,NULL,NULL,NULL,NULL,NULL,NULL,NULL,0,NULL,NULL,'2022-05-10 05:26:10','2022-05-10 05:29:39',1,NULL,NULL,NULL,NULL,0,NULL,2,'2022-05-10 05:29:39',NULL),(763,'https://demoweblinks.in/troosten/gallery/residencial-1/','55:ffa78c439a6ca6f18cb2ff7ad8b1ce0c',3318,'post','gallery',1,0,NULL,NULL,'Residencial 1','publish',NULL,0,NULL,NULL,NULL,NULL,NULL,60,0,NULL,0,NULL,NULL,NULL,NULL,'https://demoweblinks.in/troosten/wp-content/uploads/2022/05/Picture9.jpg',NULL,'3319','featured-image',NULL,NULL,'https://demoweblinks.in/troosten/wp-content/uploads/2022/05/Picture9.jpg','3319','featured-image','{\"width\":388,\"height\":290,\"url\":\"https://demoweblinks.in/troosten/wp-content/uploads/2022/05/Picture9.jpg\",\"path\":\"/home2/assarbbq/public_html/demoweblinks.in/troosten/wp-content/uploads/2022/05/Picture9.jpg\",\"size\":\"full\",\"id\":3319,\"alt\":\"\",\"pixels\":112520,\"type\":\"image/jpeg\"}',0,NULL,NULL,'2022-05-10 05:26:37','2022-05-10 05:26:37',1,NULL,NULL,NULL,NULL,0,NULL,2,'2022-05-10 05:26:37','2022-05-10 05:26:37'),(764,'https://demoweblinks.in/troosten/gallery/residencial-2/','55:7974fd17fafeb9c12607f6ac23ac4f28',3320,'post','gallery',1,0,NULL,NULL,'Residencial 2','publish',NULL,0,NULL,NULL,NULL,NULL,NULL,60,0,NULL,0,NULL,NULL,NULL,NULL,'https://demoweblinks.in/troosten/wp-content/uploads/2022/05/Picture10.jpg',NULL,'3321','featured-image',NULL,NULL,'https://demoweblinks.in/troosten/wp-content/uploads/2022/05/Picture10.jpg','3321','featured-image','{\"width\":383,\"height\":287,\"url\":\"https://demoweblinks.in/troosten/wp-content/uploads/2022/05/Picture10.jpg\",\"path\":\"/home2/assarbbq/public_html/demoweblinks.in/troosten/wp-content/uploads/2022/05/Picture10.jpg\",\"size\":\"full\",\"id\":3321,\"alt\":\"\",\"pixels\":109921,\"type\":\"image/jpeg\"}',0,NULL,NULL,'2022-05-10 05:27:14','2022-05-10 05:27:14',1,NULL,NULL,NULL,NULL,0,NULL,2,'2022-05-10 05:27:14','2022-05-10 05:27:14'),(765,'https://demoweblinks.in/troosten/gallery/residencial-3/','55:b60fc8ebff05ba69f6e4a623f5ebf1b7',3322,'post','gallery',1,0,NULL,NULL,'Residencial 3','publish',NULL,0,NULL,NULL,NULL,NULL,NULL,60,0,NULL,0,NULL,NULL,NULL,NULL,'https://demoweblinks.in/troosten/wp-content/uploads/2022/05/Picture11.jpg',NULL,'3323','featured-image',NULL,NULL,'https://demoweblinks.in/troosten/wp-content/uploads/2022/05/Picture11.jpg','3323','featured-image','{\"width\":492,\"height\":306,\"url\":\"https://demoweblinks.in/troosten/wp-content/uploads/2022/05/Picture11.jpg\",\"path\":\"/home2/assarbbq/public_html/demoweblinks.in/troosten/wp-content/uploads/2022/05/Picture11.jpg\",\"size\":\"full\",\"id\":3323,\"alt\":\"\",\"pixels\":150552,\"type\":\"image/jpeg\"}',0,NULL,NULL,'2022-05-10 05:27:45','2022-05-10 05:27:45',1,NULL,NULL,NULL,NULL,0,NULL,2,'2022-05-10 05:27:45','2022-05-10 05:27:45'),(766,'https://demoweblinks.in/troosten/gallery/residencial-4/','55:b85adf9de9ba226a1c19a04bd8335868',3324,'post','gallery',1,0,NULL,NULL,'Residencial 4','publish',NULL,0,NULL,NULL,NULL,NULL,NULL,60,0,NULL,0,NULL,NULL,NULL,NULL,'https://demoweblinks.in/troosten/wp-content/uploads/2022/05/Picture12.jpg',NULL,'3325','featured-image',NULL,NULL,'https://demoweblinks.in/troosten/wp-content/uploads/2022/05/Picture12.jpg','3325','featured-image','{\"width\":405,\"height\":228,\"url\":\"https://demoweblinks.in/troosten/wp-content/uploads/2022/05/Picture12.jpg\",\"path\":\"/home2/assarbbq/public_html/demoweblinks.in/troosten/wp-content/uploads/2022/05/Picture12.jpg\",\"size\":\"full\",\"id\":3325,\"alt\":\"\",\"pixels\":92340,\"type\":\"image/jpeg\"}',0,NULL,NULL,'2022-05-10 05:28:16','2022-05-10 05:28:16',1,NULL,NULL,NULL,NULL,0,NULL,2,'2022-05-10 05:28:16','2022-05-10 05:28:16'),(767,'https://demoweblinks.in/troosten/gallery/residencial-5/','55:bb486b19d76a93d958155a6acf56aa8b',3326,'post','gallery',1,0,NULL,NULL,'Residencial 5','publish',NULL,0,NULL,NULL,NULL,NULL,NULL,60,0,NULL,0,NULL,NULL,NULL,NULL,'https://demoweblinks.in/troosten/wp-content/uploads/2022/05/Picture13.jpg',NULL,'3327','featured-image',NULL,NULL,'https://demoweblinks.in/troosten/wp-content/uploads/2022/05/Picture13.jpg','3327','featured-image','{\"width\":492,\"height\":221,\"url\":\"https://demoweblinks.in/troosten/wp-content/uploads/2022/05/Picture13.jpg\",\"path\":\"/home2/assarbbq/public_html/demoweblinks.in/troosten/wp-content/uploads/2022/05/Picture13.jpg\",\"size\":\"full\",\"id\":3327,\"alt\":\"\",\"pixels\":108732,\"type\":\"image/jpeg\"}',0,NULL,NULL,'2022-05-10 05:29:08','2022-05-10 05:29:08',1,NULL,NULL,NULL,NULL,0,NULL,2,'2022-05-10 05:29:08','2022-05-10 05:29:08'),(768,'https://demoweblinks.in/troosten/gallery/residencial-6/','55:fea87c0e8a969c4020ed1ab81c481237',3328,'post','gallery',1,0,NULL,NULL,'Residencial 6','publish',NULL,0,NULL,NULL,NULL,NULL,NULL,60,0,NULL,0,NULL,NULL,NULL,NULL,'https://demoweblinks.in/troosten/wp-content/uploads/2022/05/Picture14.jpg',NULL,'3329','featured-image',NULL,NULL,'https://demoweblinks.in/troosten/wp-content/uploads/2022/05/Picture14.jpg','3329','featured-image','{\"width\":398,\"height\":288,\"url\":\"https://demoweblinks.in/troosten/wp-content/uploads/2022/05/Picture14.jpg\",\"path\":\"/home2/assarbbq/public_html/demoweblinks.in/troosten/wp-content/uploads/2022/05/Picture14.jpg\",\"size\":\"full\",\"id\":3329,\"alt\":\"\",\"pixels\":114624,\"type\":\"image/jpeg\"}',0,NULL,NULL,'2022-05-10 05:29:20','2022-05-10 05:29:39',1,NULL,NULL,NULL,NULL,0,NULL,2,'2022-05-10 05:29:39','2022-05-10 05:29:39'),(769,'https://demoweblinks.in/troosten/wp-content/uploads/2022/05/Picture14.jpg','73:7e8863886f7fab5bdcb9783e127789e9',3329,'post','attachment',1,3328,NULL,NULL,'Picture14','inherit',NULL,0,NULL,NULL,NULL,NULL,NULL,0,0,NULL,0,NULL,NULL,NULL,NULL,'https://demoweblinks.in/troosten/wp-content/uploads/2022/05/Picture14.jpg',NULL,'3329','attachment-image',NULL,NULL,NULL,'3329','attachment-image',NULL,NULL,2,NULL,'2022-05-10 05:29:28','2022-05-10 05:32:44',1,NULL,NULL,NULL,NULL,1,NULL,2,'2022-05-10 05:29:28','2022-05-10 05:29:28'),(770,'https://demoweblinks.in/troosten/wp-content/uploads/2022/05/Picture13.jpg','73:410facf61859d2664a1ab3d18e8be644',3327,'post','attachment',1,3326,NULL,NULL,'Picture13','inherit',NULL,0,NULL,NULL,NULL,NULL,NULL,0,0,NULL,0,NULL,NULL,NULL,NULL,'https://demoweblinks.in/troosten/wp-content/uploads/2022/05/Picture13.jpg',NULL,'3327','attachment-image',NULL,NULL,'https://demoweblinks.in/troosten/wp-content/uploads/2022/05/Picture13.jpg','3327','attachment-image','{\"width\":492,\"height\":221,\"url\":\"https://demoweblinks.in/troosten/wp-content/uploads/2022/05/Picture13.jpg\",\"path\":\"/home2/assarbbq/public_html/demoweblinks.in/troosten/wp-content/uploads/2022/05/Picture13.jpg\",\"size\":\"full\",\"id\":3327,\"alt\":\"\",\"pixels\":108732,\"type\":\"image/jpeg\"}',NULL,1,NULL,'2022-05-10 05:32:44','2022-05-10 05:32:44',1,NULL,NULL,NULL,NULL,1,NULL,2,'2022-05-10 05:28:57','2022-05-10 05:28:57'),(771,'https://demoweblinks.in/troosten/wp-content/uploads/2022/05/Picture12.jpg','73:a487d4fa11f1dde3e0e08522724ec0ee',3325,'post','attachment',1,3324,NULL,NULL,'Picture12','inherit',NULL,0,NULL,NULL,NULL,NULL,NULL,0,0,NULL,0,NULL,NULL,NULL,NULL,'https://demoweblinks.in/troosten/wp-content/uploads/2022/05/Picture12.jpg',NULL,'3325','attachment-image',NULL,NULL,'https://demoweblinks.in/troosten/wp-content/uploads/2022/05/Picture12.jpg','3325','attachment-image','{\"width\":405,\"height\":228,\"url\":\"https://demoweblinks.in/troosten/wp-content/uploads/2022/05/Picture12.jpg\",\"path\":\"/home2/assarbbq/public_html/demoweblinks.in/troosten/wp-content/uploads/2022/05/Picture12.jpg\",\"size\":\"full\",\"id\":3325,\"alt\":\"\",\"pixels\":92340,\"type\":\"image/jpeg\"}',NULL,1,NULL,'2022-05-10 05:32:44','2022-05-10 05:32:44',1,NULL,NULL,NULL,NULL,0,NULL,2,'2022-05-10 05:28:06','2022-05-10 05:28:06'),(772,'https://demoweblinks.in/troosten/wp-content/uploads/2022/05/Picture11.jpg','73:9b15d91bde131a8dc717f49eef3da13e',3323,'post','attachment',1,3322,NULL,NULL,'Picture11','inherit',NULL,0,NULL,NULL,NULL,NULL,NULL,0,0,NULL,0,NULL,NULL,NULL,NULL,'https://demoweblinks.in/troosten/wp-content/uploads/2022/05/Picture11.jpg',NULL,'3323','attachment-image',NULL,NULL,'https://demoweblinks.in/troosten/wp-content/uploads/2022/05/Picture11.jpg','3323','attachment-image','{\"width\":492,\"height\":306,\"url\":\"https://demoweblinks.in/troosten/wp-content/uploads/2022/05/Picture11.jpg\",\"path\":\"/home2/assarbbq/public_html/demoweblinks.in/troosten/wp-content/uploads/2022/05/Picture11.jpg\",\"size\":\"full\",\"id\":3323,\"alt\":\"\",\"pixels\":150552,\"type\":\"image/jpeg\"}',NULL,1,NULL,'2022-05-10 05:32:44','2022-05-10 05:32:44',1,NULL,NULL,NULL,NULL,0,NULL,2,'2022-05-10 05:27:35','2022-05-10 05:27:35'),(773,'https://demoweblinks.in/troosten/wp-content/uploads/2022/05/Picture10.jpg','73:4d2e4c6475a7de1b041a929c8a4fa066',3321,'post','attachment',1,3320,NULL,NULL,'Picture10','inherit',NULL,0,NULL,NULL,NULL,NULL,NULL,0,0,NULL,0,NULL,NULL,NULL,NULL,'https://demoweblinks.in/troosten/wp-content/uploads/2022/05/Picture10.jpg',NULL,'3321','attachment-image',NULL,NULL,'https://demoweblinks.in/troosten/wp-content/uploads/2022/05/Picture10.jpg','3321','attachment-image','{\"width\":383,\"height\":287,\"url\":\"https://demoweblinks.in/troosten/wp-content/uploads/2022/05/Picture10.jpg\",\"path\":\"/home2/assarbbq/public_html/demoweblinks.in/troosten/wp-content/uploads/2022/05/Picture10.jpg\",\"size\":\"full\",\"id\":3321,\"alt\":\"\",\"pixels\":109921,\"type\":\"image/jpeg\"}',NULL,1,NULL,'2022-05-10 05:32:44','2022-05-10 05:32:44',1,NULL,NULL,NULL,NULL,0,NULL,2,'2022-05-10 05:26:57','2022-05-10 05:26:57'),(774,'https://demoweblinks.in/troosten/wp-content/uploads/2022/05/Picture9.jpg','72:4348b1caa01ff2f7ab6413504b670fb7',3319,'post','attachment',1,3318,NULL,NULL,'Picture9','inherit',NULL,0,NULL,NULL,NULL,NULL,NULL,0,0,NULL,0,NULL,NULL,NULL,NULL,'https://demoweblinks.in/troosten/wp-content/uploads/2022/05/Picture9.jpg',NULL,'3319','attachment-image',NULL,NULL,'https://demoweblinks.in/troosten/wp-content/uploads/2022/05/Picture9.jpg','3319','attachment-image','{\"width\":388,\"height\":290,\"url\":\"https://demoweblinks.in/troosten/wp-content/uploads/2022/05/Picture9.jpg\",\"path\":\"/home2/assarbbq/public_html/demoweblinks.in/troosten/wp-content/uploads/2022/05/Picture9.jpg\",\"size\":\"full\",\"id\":3319,\"alt\":\"\",\"pixels\":112520,\"type\":\"image/jpeg\"}',NULL,1,NULL,'2022-05-10 05:32:44','2022-05-10 05:32:44',1,NULL,NULL,NULL,NULL,0,NULL,2,'2022-05-10 05:26:27','2022-05-10 05:26:27'),(775,'https://demoweblinks.in/troosten/wp-content/uploads/2022/05/Picture09.png','73:7d5ff18a8fc8b616066a2cfe09c7ac78',3317,'post','attachment',1,3316,NULL,NULL,'Picture09','inherit',NULL,0,NULL,NULL,NULL,NULL,NULL,0,0,NULL,0,NULL,NULL,NULL,NULL,'https://demoweblinks.in/troosten/wp-content/uploads/2022/05/Picture09.png',NULL,'3317','attachment-image',NULL,NULL,'https://demoweblinks.in/troosten/wp-content/uploads/2022/05/Picture09.png','3317','attachment-image','{\"width\":341,\"height\":274,\"url\":\"https://demoweblinks.in/troosten/wp-content/uploads/2022/05/Picture09.png\",\"path\":\"/home2/assarbbq/public_html/demoweblinks.in/troosten/wp-content/uploads/2022/05/Picture09.png\",\"size\":\"full\",\"id\":3317,\"alt\":\"\",\"pixels\":93434,\"type\":\"image/png\"}',NULL,1,NULL,'2022-05-10 05:32:44','2022-05-10 05:32:44',1,NULL,NULL,NULL,NULL,0,NULL,2,'2022-05-10 05:24:31','2022-05-10 05:24:31'),(776,'https://demoweblinks.in/troosten/products/','42:e77cb9c543b70d9d1a6a9c3985e4e285',3331,'post','page',1,0,NULL,NULL,'Products','publish',NULL,0,NULL,NULL,NULL,NULL,NULL,90,0,NULL,0,NULL,NULL,NULL,NULL,'https://demoweblinks.in/troosten/wp-content/uploads/2022/05/Picture15.jpg',NULL,NULL,'first-content-image',NULL,NULL,'https://demoweblinks.in/troosten/wp-content/uploads/2022/05/Picture15.jpg',NULL,'first-content-image',NULL,0,NULL,NULL,'2022-05-10 05:36:30','2022-05-10 05:46:08',1,NULL,NULL,NULL,NULL,0,2,2,'2022-05-10 05:46:08','2022-05-10 05:36:30'),(777,'https://demoweblinks.in/troosten/wp-content/uploads/2022/05/Picture15.jpg','73:9169bc7180c0fd49fef7fd0c5fafd745',3333,'post','attachment',1,3331,NULL,NULL,'Picture15','inherit',NULL,0,NULL,NULL,NULL,NULL,NULL,0,0,NULL,0,NULL,NULL,NULL,NULL,'https://demoweblinks.in/troosten/wp-content/uploads/2022/05/Picture15.jpg',NULL,'3333','attachment-image',NULL,NULL,NULL,'3333','attachment-image',NULL,NULL,2,NULL,'2022-05-10 05:38:25','2022-05-10 05:41:56',1,NULL,NULL,NULL,NULL,1,NULL,2,'2022-05-10 05:38:25','2022-05-10 05:38:25'),(778,'https://demoweblinks.in/troosten/wp-content/uploads/2022/05/Picture16.jpg','73:3d702b7f9a62fac07e96eea8bf0834b3',3334,'post','attachment',1,3331,NULL,NULL,'Picture16','inherit',NULL,0,NULL,NULL,NULL,NULL,NULL,0,0,NULL,0,NULL,NULL,NULL,NULL,'https://demoweblinks.in/troosten/wp-content/uploads/2022/05/Picture16.jpg',NULL,'3334','attachment-image',NULL,NULL,NULL,'3334','attachment-image',NULL,NULL,1,NULL,'2022-05-10 05:41:31','2022-05-10 05:41:56',1,NULL,NULL,NULL,NULL,1,NULL,2,'2022-05-10 05:41:31','2022-05-10 05:41:31'),(779,'https://demoweblinks.in/troosten/wp-content/uploads/2022/05/Picture17-1.jpg','75:c5e641fc9cfc34db3dbba9c7de52d2c9',3338,'post','attachment',1,3331,NULL,NULL,'Picture17','inherit',NULL,0,NULL,NULL,NULL,NULL,NULL,0,0,NULL,0,NULL,NULL,NULL,NULL,'https://demoweblinks.in/troosten/wp-content/uploads/2022/05/Picture17-1.jpg',NULL,'3338','attachment-image',NULL,NULL,NULL,'3338','attachment-image',NULL,NULL,1,NULL,'2022-05-10 05:42:25','2022-05-10 05:42:53',1,NULL,NULL,NULL,NULL,1,NULL,2,'2022-05-10 05:42:25','2022-05-10 05:42:25'),(780,'https://demoweblinks.in/troosten/wp-content/uploads/2022/05/Picture18-1.png','75:7eb55be49b28f66caf29bd89ed9be077',3342,'post','attachment',1,3331,NULL,NULL,'Picture18','inherit',NULL,0,NULL,NULL,NULL,NULL,NULL,0,0,NULL,0,NULL,NULL,NULL,NULL,'https://demoweblinks.in/troosten/wp-content/uploads/2022/05/Picture18-1.png',NULL,'3342','attachment-image',NULL,NULL,NULL,'3342','attachment-image',NULL,NULL,1,NULL,'2022-05-10 05:43:21','2022-05-10 05:46:08',1,NULL,NULL,NULL,NULL,1,NULL,2,'2022-05-10 05:43:21','2022-05-10 05:43:21'),(781,'https://demoweblinks.in/troosten/wp-content/uploads/2022/05/Picture19.jpg','73:fab46a217a93bce175fafb239cc82b3d',3343,'post','attachment',1,3331,NULL,NULL,'Picture19','inherit',NULL,0,NULL,NULL,NULL,NULL,NULL,0,0,NULL,0,NULL,NULL,NULL,NULL,'https://demoweblinks.in/troosten/wp-content/uploads/2022/05/Picture19.jpg',NULL,'3343','attachment-image',NULL,NULL,NULL,'3343','attachment-image',NULL,NULL,1,NULL,'2022-05-10 05:44:04','2022-05-10 05:46:08',1,NULL,NULL,NULL,NULL,1,NULL,2,'2022-05-10 05:44:04','2022-05-10 05:44:04'),(782,'https://demoweblinks.in/troosten/wp-content/uploads/2022/05/Picture20-1.jpg','75:659cf297097c45e94afb93ef3bcac736',3344,'post','attachment',1,3331,NULL,NULL,'Picture20','inherit',NULL,0,NULL,NULL,NULL,NULL,NULL,0,0,NULL,0,NULL,NULL,NULL,NULL,'https://demoweblinks.in/troosten/wp-content/uploads/2022/05/Picture20-1.jpg',NULL,'3344','attachment-image',NULL,NULL,NULL,'3344','attachment-image',NULL,NULL,1,NULL,'2022-05-10 05:45:00','2022-05-10 05:46:08',1,NULL,NULL,NULL,NULL,1,NULL,2,'2022-05-10 05:45:00','2022-05-10 05:45:00'),(783,'https://demoweblinks.in/troosten/?p=3348','40:dcc41bea85850e9ec93c5fa87b813789',3348,'post','customize_changeset',1,0,NULL,NULL,'','trash',0,0,NULL,NULL,NULL,NULL,NULL,0,0,NULL,0,NULL,NULL,NULL,NULL,NULL,NULL,NULL,NULL,NULL,NULL,NULL,NULL,NULL,NULL,NULL,NULL,NULL,'2022-05-10 10:22:11','2022-05-10 10:22:11',1,NULL,NULL,NULL,NULL,0,NULL,2,'2022-05-10 10:22:11','2022-05-10 10:22:11'),(784,'https://demoweblinks.in/troosten/?p=3350','40:88a7baa30b6d57ee1b8aaa317cd5426d',3350,'post','customize_changeset',1,0,NULL,NULL,'','trash',0,0,NULL,NULL,NULL,NULL,NULL,0,0,NULL,0,NULL,NULL,NULL,NULL,NULL,NULL,NULL,NULL,NULL,NULL,NULL,NULL,NULL,NULL,NULL,NULL,NULL,'2022-05-10 10:31:56','2022-05-10 10:31:56',1,NULL,NULL,NULL,NULL,0,NULL,2,'2022-05-10 10:31:56','2022-05-10 10:31:56'),(786,'https://demoweblinks.in/troosten/wp-content/uploads/2022/05/hvac-png-generic-no-label-units-png-2726-1.png','106:eb3fecc7b7fd8faec720e5b0bf01f6ea',3356,'post','attachment',1,56,NULL,NULL,'hvac-png-generic-no-label-units-png-2726','inherit',NULL,0,NULL,NULL,NULL,NULL,NULL,0,0,NULL,0,NULL,NULL,NULL,NULL,'https://demoweblinks.in/troosten/wp-content/uploads/2022/05/hvac-png-generic-no-label-units-png-2726-1.png',NULL,'3356','attachment-image',NULL,NULL,NULL,'3356','attachment-image',NULL,NULL,0,NULL,'2022-05-10 10:39:29','2022-05-10 12:26:44',1,NULL,NULL,NULL,NULL,1,NULL,2,'2022-05-10 10:39:29','2022-05-10 10:39:29'),(787,'https://demoweblinks.in/troosten/wp-content/uploads/2022/05/aspen-pump.png','74:090a312d3e8582e278a05eba0817d981',3381,'post','attachment',1,56,NULL,NULL,'aspen pump','inherit',NULL,0,NULL,NULL,NULL,NULL,NULL,0,0,NULL,0,NULL,NULL,NULL,NULL,'https://demoweblinks.in/troosten/wp-content/uploads/2022/05/aspen-pump.png',NULL,'3381','attachment-image',NULL,NULL,NULL,'3381','attachment-image',NULL,NULL,1,NULL,'2022-05-10 11:23:26','2022-05-10 11:27:54',1,NULL,NULL,NULL,NULL,1,NULL,2,'2022-05-10 11:23:26','2022-05-10 11:23:26'),(788,'https://demoweblinks.in/troosten/wp-content/uploads/2022/05/hitachi.png','71:5fba896391effdb26c0bccdca0254cdc',3382,'post','attachment',1,56,NULL,NULL,'hitachi','inherit',NULL,0,NULL,NULL,NULL,NULL,NULL,0,0,NULL,0,NULL,NULL,NULL,NULL,'https://demoweblinks.in/troosten/wp-content/uploads/2022/05/hitachi.png',NULL,'3382','attachment-image',NULL,NULL,NULL,'3382','attachment-image',NULL,NULL,1,NULL,'2022-05-10 11:23:37','2022-05-10 11:27:54',1,NULL,NULL,NULL,NULL,1,NULL,2,'2022-05-10 11:23:37','2022-05-10 11:23:37'),(789,'https://demoweblinks.in/troosten/wp-content/uploads/2022/05/johnsob.png','71:803f79b2a551661e63321a4c352e4759',3383,'post','attachment',1,56,NULL,NULL,'johnsob','inherit',NULL,0,NULL,NULL,NULL,NULL,NULL,0,0,NULL,0,NULL,NULL,NULL,NULL,'https://demoweblinks.in/troosten/wp-content/uploads/2022/05/johnsob.png',NULL,'3383','attachment-image',NULL,NULL,NULL,'3383','attachment-image',NULL,NULL,1,NULL,'2022-05-10 11:23:46','2022-05-10 11:27:54',1,NULL,NULL,NULL,NULL,1,NULL,2,'2022-05-10 11:23:46','2022-05-10 11:23:46'),(790,'https://demoweblinks.in/troosten/wp-content/uploads/2022/05/fijistu.png','71:bfa89c5195c0659b030c238bfcede0de',3400,'post','attachment',1,56,NULL,NULL,'fijistu','inherit',NULL,0,NULL,NULL,NULL,NULL,NULL,0,0,NULL,0,NULL,NULL,NULL,NULL,'https://demoweblinks.in/troosten/wp-content/uploads/2022/05/fijistu.png',NULL,'3400','attachment-image',NULL,NULL,NULL,'3400','attachment-image',NULL,NULL,1,NULL,'2022-05-10 11:33:23','2022-05-10 11:33:55',1,NULL,NULL,NULL,NULL,1,NULL,2,'2022-05-10 11:33:23','2022-05-10 11:33:23'),(791,'https://demoweblinks.in/troosten/wp-content/uploads/2022/05/general.png','71:1648b7d96c5d0e8c42b3a18e32a324cd',3401,'post','attachment',1,56,NULL,NULL,'general','inherit',NULL,0,NULL,NULL,NULL,NULL,NULL,0,0,NULL,0,NULL,NULL,NULL,NULL,'https://demoweblinks.in/troosten/wp-content/uploads/2022/05/general.png',NULL,'3401','attachment-image',NULL,NULL,NULL,'3401','attachment-image',NULL,NULL,1,NULL,'2022-05-10 11:33:34','2022-05-10 11:33:55',1,NULL,NULL,NULL,NULL,1,NULL,2,'2022-05-10 11:33:34','2022-05-10 11:33:34'),(792,'https://demoweblinks.in/troosten/wp-content/uploads/2022/05/aire-maskin.png','75:1ad1d6007861fddd7235ae8abf09c98c',3402,'post','attachment',1,56,NULL,NULL,'aire maskin','inherit',NULL,0,NULL,NULL,NULL,NULL,NULL,0,0,NULL,0,NULL,NULL,NULL,NULL,'https://demoweblinks.in/troosten/wp-content/uploads/2022/05/aire-maskin.png',NULL,'3402','attachment-image',NULL,NULL,NULL,'3402','attachment-image',NULL,NULL,1,NULL,'2022-05-10 11:33:44','2022-05-10 11:33:55',1,NULL,NULL,NULL,NULL,1,NULL,2,'2022-05-10 11:33:44','2022-05-10 11:33:44'),(793,'https://demoweblinks.in/troosten/?p=3415','40:71096a22cff3daa484f0a5d626a2d95f',3415,'post','customize_changeset',1,0,NULL,NULL,'','trash',0,0,NULL,NULL,NULL,NULL,NULL,0,0,NULL,0,NULL,NULL,NULL,NULL,NULL,NULL,NULL,NULL,NULL,NULL,NULL,NULL,NULL,NULL,NULL,NULL,NULL,'2022-05-10 11:47:51','2022-05-10 11:47:51',1,NULL,NULL,NULL,NULL,0,NULL,2,'2022-05-10 11:47:51','2022-05-10 11:47:51'),(794,'https://demoweblinks.in/troosten/?p=3429','40:ead29135b5316ea3247fb35893812fab',3429,'post','customize_changeset',1,0,NULL,NULL,'','trash',0,0,NULL,NULL,NULL,NULL,NULL,0,0,NULL,0,NULL,NULL,NULL,NULL,NULL,NULL,NULL,NULL,NULL,NULL,NULL,NULL,NULL,NULL,NULL,NULL,NULL,'2022-05-10 11:48:57','2022-05-10 11:48:57',1,NULL,NULL,NULL,NULL,0,NULL,2,'2022-05-10 11:48:57','2022-05-10 11:48:57'),(795,'https://demoweblinks.in/troosten/?p=3438','40:c44d3b991277c04d05edf6901905410e',3438,'post','customize_changeset',1,0,NULL,NULL,'','trash',0,0,NULL,NULL,NULL,NULL,NULL,0,0,NULL,0,NULL,NULL,NULL,NULL,NULL,NULL,NULL,NULL,NULL,NULL,NULL,NULL,NULL,NULL,NULL,NULL,NULL,'2022-05-10 11:55:34','2022-05-10 11:55:34',1,NULL,NULL,NULL,NULL,0,NULL,2,'2022-05-10 11:55:34','2022-05-10 11:55:34'),(796,'https://demoweblinks.in/troosten/?p=3440','40:47443e8ccdbc0a65d1e2277b502afe8f',3440,'post','customize_changeset',1,0,NULL,NULL,'','trash',0,0,NULL,NULL,NULL,NULL,NULL,0,0,NULL,0,NULL,NULL,NULL,NULL,NULL,NULL,NULL,NULL,NULL,NULL,NULL,NULL,NULL,NULL,NULL,NULL,NULL,'2022-05-10 11:57:19','2022-05-10 11:57:19',1,NULL,NULL,NULL,NULL,0,NULL,2,'2022-05-10 11:57:19','2022-05-10 11:57:19'),(797,'https://demoweblinks.in/troosten/?p=3442','40:ea970a2d2feb7e8b8daf433e20182864',3442,'post','customize_changeset',1,0,NULL,NULL,'','trash',0,0,NULL,NULL,NULL,NULL,NULL,0,0,NULL,0,NULL,NULL,NULL,NULL,NULL,NULL,NULL,NULL,NULL,NULL,NULL,NULL,NULL,NULL,NULL,NULL,NULL,'2022-05-10 11:57:54','2022-05-10 11:57:54',1,NULL,NULL,NULL,NULL,0,NULL,2,'2022-05-10 11:57:54','2022-05-10 11:57:54'),(798,'https://demoweblinks.in/troosten/?p=3444','40:c36870114626c597d43308f363c5c2f7',3444,'post','customize_changeset',1,0,NULL,NULL,'','trash',0,0,NULL,NULL,NULL,NULL,NULL,0,0,NULL,0,NULL,NULL,NULL,NULL,NULL,NULL,NULL,NULL,NULL,NULL,NULL,NULL,NULL,NULL,NULL,NULL,NULL,'2022-05-10 11:59:24','2022-05-10 11:59:24',1,NULL,NULL,NULL,NULL,0,NULL,2,'2022-05-10 11:59:24','2022-05-10 11:59:24'),(809,'https://demoweblinks.in/troosten/wp-content/uploads/2022/05/hvac-png-generic-no-label-units-png-2726-2.png','106:a6603eac8499f2d2ab7bd7a1880c717f',3469,'post','attachment',1,56,NULL,NULL,'hvac-png-generic-no-label-units-png-2726','inherit',NULL,0,NULL,NULL,NULL,NULL,NULL,0,0,NULL,0,NULL,NULL,NULL,NULL,'https://demoweblinks.in/troosten/wp-content/uploads/2022/05/hvac-png-generic-no-label-units-png-2726-2.png',NULL,'3469','attachment-image',NULL,NULL,NULL,'3469','attachment-image',NULL,NULL,1,NULL,'2022-05-10 12:13:40','2022-05-10 12:26:44',1,NULL,NULL,NULL,NULL,1,NULL,2,'2022-05-10 12:13:40','2022-05-10 12:13:40'),(811,'https://demoweblinks.in/troosten/logos/logo/','44:b52eaef3e461b7ec95b139703fe56d60',3472,'post','logo-awesome',1,0,NULL,NULL,'logo','publish',NULL,0,NULL,NULL,NULL,NULL,NULL,0,0,NULL,0,NULL,NULL,NULL,NULL,NULL,NULL,NULL,NULL,NULL,NULL,NULL,NULL,NULL,NULL,0,NULL,NULL,'2022-05-10 12:22:01','2022-05-10 13:30:07',1,NULL,NULL,NULL,NULL,0,NULL,2,'2022-05-10 13:30:06','2022-05-10 12:22:49'),(812,'https://demoweblinks.in/troosten/?p=3481','40:792b0a6868edebaaa38c5c42b4822b63',3481,'post','customize_changeset',1,0,NULL,NULL,'','trash',0,0,NULL,NULL,NULL,NULL,NULL,0,0,NULL,0,NULL,NULL,NULL,NULL,NULL,NULL,NULL,NULL,NULL,NULL,NULL,NULL,NULL,NULL,NULL,NULL,NULL,'2022-05-10 12:33:52','2022-05-10 12:33:52',1,NULL,NULL,NULL,NULL,0,NULL,2,'2022-05-10 12:33:52','2022-05-10 12:33:52'),(813,'https://demoweblinks.in/troosten/?p=3483','40:b4b4b1db99731bd91fdf0548ede9dcb1',3483,'post','customize_changeset',1,0,NULL,NULL,'','trash',0,0,NULL,NULL,NULL,NULL,NULL,0,0,NULL,0,NULL,NULL,NULL,NULL,NULL,NULL,NULL,NULL,NULL,NULL,NULL,NULL,NULL,NULL,NULL,NULL,NULL,'2022-05-10 12:34:48','2022-05-10 12:34:48',1,NULL,NULL,NULL,NULL,0,NULL,2,'2022-05-10 12:34:48','2022-05-10 12:34:48'),(814,'https://demoweblinks.in/troosten/?p=3485','40:640a1a6182b5561875fb97bd7f35dc7e',3485,'post','customize_changeset',1,0,NULL,NULL,'','trash',0,0,NULL,NULL,NULL,NULL,NULL,0,0,NULL,0,NULL,NULL,NULL,NULL,NULL,NULL,NULL,NULL,NULL,NULL,NULL,NULL,NULL,NULL,NULL,NULL,NULL,'2022-05-10 12:36:10','2022-05-10 12:36:10',1,NULL,NULL,NULL,NULL,0,NULL,2,'2022-05-10 12:36:10','2022-05-10 12:36:10'),(815,'https://demoweblinks.in/troosten/?p=3491','40:74922d2051de9468ac3f45d2ae15a84e',3491,'post','customize_changeset',1,0,NULL,NULL,'','trash',0,0,NULL,NULL,NULL,NULL,NULL,0,0,NULL,0,NULL,NULL,NULL,NULL,NULL,NULL,NULL,NULL,NULL,NULL,NULL,NULL,NULL,NULL,NULL,NULL,NULL,'2022-05-10 12:58:00','2022-05-10 12:58:00',1,NULL,NULL,NULL,NULL,0,NULL,2,'2022-05-10 12:58:00','2022-05-10 12:58:00'),(816,'https://demoweblinks.in/troosten/?p=3493','40:dad96b6677b1a3e4d9639ff9995fd35d',3493,'post','customize_changeset',1,0,NULL,NULL,'','trash',0,0,NULL,NULL,NULL,NULL,NULL,0,0,NULL,0,NULL,NULL,NULL,NULL,NULL,NULL,NULL,NULL,NULL,NULL,NULL,NULL,NULL,NULL,NULL,NULL,NULL,'2022-05-10 12:59:58','2022-05-10 12:59:58',1,NULL,NULL,NULL,NULL,0,NULL,2,'2022-05-10 12:59:58','2022-05-10 12:59:58'),(817,'https://demoweblinks.in/troosten/wp-content/uploads/2022/05/arcade-1.jpg','72:bf560eeebcd6c276cba4e70ec35e5793',3497,'post','attachment',1,0,NULL,NULL,'arcade','inherit',0,0,0,NULL,NULL,NULL,NULL,0,0,NULL,0,NULL,NULL,NULL,NULL,'https://demoweblinks.in/troosten/wp-content/uploads/2022/05/arcade-1.jpg',NULL,'3497','attachment-image',NULL,NULL,NULL,'3497','attachment-image',NULL,NULL,NULL,NULL,'2022-05-10 13:20:10','2022-05-10 13:20:10',1,NULL,NULL,NULL,NULL,0,NULL,2,'2022-05-10 13:20:10','2022-05-10 13:20:10'),(818,'https://demoweblinks.in/troosten/wp-content/uploads/2022/05/tata-1.jpg','70:0f973b1ad5ff2249ce733c4e994e7b2e',3498,'post','attachment',1,0,NULL,NULL,'tata','inherit',0,0,0,NULL,NULL,NULL,NULL,0,0,NULL,0,NULL,NULL,NULL,NULL,'https://demoweblinks.in/troosten/wp-content/uploads/2022/05/tata-1.jpg',NULL,'3498','attachment-image',NULL,NULL,NULL,'3498','attachment-image',NULL,NULL,NULL,NULL,'2022-05-10 13:21:22','2022-05-10 13:21:22',1,NULL,NULL,NULL,NULL,0,NULL,2,'2022-05-10 13:21:22','2022-05-10 13:21:22'),(819,'https://demoweblinks.in/troosten/wp-content/uploads/2022/05/tulsi-1.jpg','71:8989e91aff6eb4e8edc3b63c718e4fe3',3499,'post','attachment',1,0,NULL,NULL,'tulsi','inherit',0,0,0,NULL,NULL,NULL,NULL,0,0,NULL,0,NULL,NULL,NULL,NULL,'https://demoweblinks.in/troosten/wp-content/uploads/2022/05/tulsi-1.jpg',NULL,'3499','attachment-image',NULL,NULL,NULL,'3499','attachment-image',NULL,NULL,NULL,NULL,'2022-05-10 13:21:23','2022-05-10 13:21:23',1,NULL,NULL,NULL,NULL,0,NULL,2,'2022-05-10 13:21:23','2022-05-10 13:21:23'),(820,'https://demoweblinks.in/troosten/wp-content/uploads/2022/05/zealors-1.jpg','73:0b4b98aea80739998f122c5cc50cd1f9',3500,'post','attachment',1,0,NULL,NULL,'zealors','inherit',0,0,0,NULL,NULL,NULL,NULL,0,0,NULL,0,NULL,NULL,NULL,NULL,'https://demoweblinks.in/troosten/wp-content/uploads/2022/05/zealors-1.jpg',NULL,'3500','attachment-image',NULL,NULL,NULL,'3500','attachment-image',NULL,NULL,NULL,NULL,'2022-05-10 13:21:24','2022-05-10 13:21:24',1,NULL,NULL,NULL,NULL,0,NULL,2,'2022-05-10 13:21:24','2022-05-10 13:21:24'),(822,'https://demoweblinks.in/troosten/wp-content/uploads/2022/05/cochin-shipyard-1.jpg','81:4bfd9bde4bbd20551e0386701168b470',3502,'post','attachment',1,0,NULL,NULL,'cochin shipyard','inherit',0,0,0,NULL,NULL,NULL,NULL,0,0,NULL,0,NULL,NULL,NULL,NULL,'https://demoweblinks.in/troosten/wp-content/uploads/2022/05/cochin-shipyard-1.jpg',NULL,'3502','attachment-image',NULL,NULL,NULL,'3502','attachment-image',NULL,NULL,NULL,NULL,'2022-05-10 13:21:26','2022-05-10 13:21:26',1,NULL,NULL,NULL,NULL,0,NULL,2,'2022-05-10 13:21:26','2022-05-10 13:21:26'),(823,'https://demoweblinks.in/troosten/wp-content/uploads/2022/05/ladder-1.jpg','72:007878876249b0b1120bdd69d140f35e',3503,'post','attachment',1,0,NULL,NULL,'ladder','inherit',0,0,0,NULL,NULL,NULL,NULL,0,0,NULL,0,NULL,NULL,NULL,NULL,'https://demoweblinks.in/troosten/wp-content/uploads/2022/05/ladder-1.jpg',NULL,'3503','attachment-image',NULL,NULL,NULL,'3503','attachment-image',NULL,NULL,NULL,NULL,'2022-05-10 13:21:27','2022-05-10 13:21:27',1,NULL,NULL,NULL,NULL,0,NULL,2,'2022-05-10 13:21:27','2022-05-10 13:21:27'),(824,'https://demoweblinks.in/troosten/wp-content/uploads/2022/05/mvr-1.jpg','69:1b5c358f72be6a92960aca4d1754d687',3504,'post','attachment',1,0,NULL,NULL,'mvr','inherit',0,0,0,NULL,NULL,NULL,NULL,0,0,NULL,0,NULL,NULL,NULL,NULL,'https://demoweblinks.in/troosten/wp-content/uploads/2022/05/mvr-1.jpg',NULL,'3504','attachment-image',NULL,NULL,NULL,'3504','attachment-image',NULL,NULL,NULL,NULL,'2022-05-10 13:21:27','2022-05-10 13:21:27',1,NULL,NULL,NULL,NULL,0,NULL,2,'2022-05-10 13:21:27','2022-05-10 13:21:27'),(825,'https://demoweblinks.in/troosten/wp-content/uploads/2022/05/nit-1.jpg','69:2cb0e4e5b090fe2be01e0ddd0364735e',3505,'post','attachment',1,0,NULL,NULL,'nit','inherit',0,0,0,NULL,NULL,NULL,NULL,0,0,NULL,0,NULL,NULL,NULL,NULL,'https://demoweblinks.in/troosten/wp-content/uploads/2022/05/nit-1.jpg',NULL,'3505','attachment-image',NULL,NULL,NULL,'3505','attachment-image',NULL,NULL,NULL,NULL,'2022-05-10 13:21:28','2022-05-10 13:21:28',1,NULL,NULL,NULL,NULL,0,NULL,2,'2022-05-10 13:21:28','2022-05-10 13:21:28'),(826,'https://demoweblinks.in/troosten/wp-content/uploads/2022/05/sanjeevnm-1.jpg','75:c3c354ec3eca7285434f33a4ede06597',3506,'post','attachment',1,0,NULL,NULL,'sanjeevnm','inherit',0,0,0,NULL,NULL,NULL,NULL,0,0,NULL,0,NULL,NULL,NULL,NULL,'https://demoweblinks.in/troosten/wp-content/uploads/2022/05/sanjeevnm-1.jpg',NULL,'3506','attachment-image',NULL,NULL,NULL,'3506','attachment-image',NULL,NULL,NULL,NULL,'2022-05-10 13:21:29','2022-05-10 13:21:29',1,NULL,NULL,NULL,NULL,0,NULL,2,'2022-05-10 13:21:29','2022-05-10 13:21:29'),(827,'https://demoweblinks.in/troosten/wp-content/uploads/2022/05/silpi-1.jpg','71:1f2149128c8a10682d40fb07aebf02bb',3507,'post','attachment',1,0,NULL,NULL,'silpi','inherit',0,0,0,NULL,NULL,NULL,NULL,0,0,NULL,0,NULL,NULL,NULL,NULL,'https://demoweblinks.in/troosten/wp-content/uploads/2022/05/silpi-1.jpg',NULL,'3507','attachment-image',NULL,NULL,NULL,'3507','attachment-image',NULL,NULL,NULL,NULL,'2022-05-10 13:21:30','2022-05-10 13:21:30',1,NULL,NULL,NULL,NULL,0,NULL,2,'2022-05-10 13:21:30','2022-05-10 13:21:30');

--
-- Table structure for table `wp_yoast_indexable_hierarchy`
--

CREATE TABLE `wp_yoast_indexable_hierarchy` (
  `indexable_id` int(11) unsigned NOT NULL,
  `ancestor_id` int(11) unsigned NOT NULL,
  `depth` int(11) unsigned DEFAULT NULL,
  `blog_id` bigint(20) NOT NULL DEFAULT '1',
  PRIMARY KEY (`indexable_id`,`ancestor_id`),
  KEY `indexable_id` (`indexable_id`),
  KEY `ancestor_id` (`ancestor_id`),
  KEY `depth` (`depth`)
) ENGINE=InnoDB DEFAULT CHARSET=utf8mb4 COLLATE=utf8mb4_unicode_520_ci;

--
-- Dumping data for table `wp_yoast_indexable_hierarchy`
--

INSERT INTO `wp_yoast_indexable_hierarchy` VALUES (1,0,0,1),(3,0,0,1),(4,0,0,1),(5,0,0,1),(6,0,0,1),(7,0,0,1),(8,0,0,1),(9,0,0,1),(10,0,0,1),(11,0,0,1),(12,0,0,1),(13,0,0,1),(14,0,0,1),(15,0,0,1),(16,0,0,1),(17,0,0,1),(18,0,0,1),(19,0,0,1),(20,0,0,1),(21,0,0,1),(22,0,0,1),(23,0,0,1),(24,0,0,1),(27,0,0,1),(29,0,0,1),(60,348,1,1),(61,348,1,1),(62,343,1,1),(63,344,1,1),(64,337,1,1),(65,337,1,1),(66,337,1,1),(67,337,1,1),(68,345,1,1),(69,346,1,1),(70,347,1,1),(71,348,1,1),(72,339,1,1),(73,0,0,1),(74,0,0,1),(75,0,0,1),(76,0,0,1),(77,0,0,1),(78,0,0,1),(82,0,0,1),(84,0,0,1),(85,0,0,1),(86,0,0,1),(87,0,0,1),(88,313,1,1),(89,313,1,1),(90,313,1,1),(91,0,0,1),(100,0,0,1),(101,313,1,1),(102,313,1,1),(103,0,0,1),(104,313,1,1),(110,0,0,1),(111,0,0,1),(112,0,0,1),(113,0,0,1),(117,0,0,1),(118,0,0,1),(119,0,0,1),(120,0,0,1),(121,0,0,1),(122,0,0,1),(123,0,0,1),(124,0,0,1),(125,0,0,1),(126,0,0,1),(127,0,0,1),(128,0,0,1),(129,0,0,1),(130,0,0,1),(131,0,0,1),(132,0,0,1),(133,0,0,1),(134,0,0,1),(135,0,0,1),(136,0,0,1),(137,0,0,1),(138,0,0,1),(139,0,0,1),(140,0,0,1),(141,0,0,1),(142,0,0,1),(143,0,0,1),(144,0,0,1),(145,0,0,1),(146,0,0,1),(147,0,0,1),(148,0,0,1),(149,0,0,1),(155,0,0,1),(156,0,0,1),(157,0,0,1),(161,0,0,1),(162,0,0,1),(163,0,0,1),(164,0,0,1),(165,0,0,1),(166,0,0,1),(167,0,0,1),(168,0,0,1),(176,0,0,1),(177,0,0,1),(179,0,0,1),(180,0,0,1),(185,0,0,1),(186,313,1,1),(187,0,0,1),(190,0,0,1),(191,313,1,1),(192,313,1,1),(193,0,0,1),(194,0,0,1),(195,0,0,1),(196,0,0,1),(197,0,0,1),(198,0,0,1),(199,313,1,1),(200,0,0,1),(202,293,1,1),(203,293,1,1),(204,293,1,1),(205,293,1,1),(206,293,1,1),(207,0,0,1),(208,286,1,1),(209,0,0,1),(210,0,0,1),(211,0,0,1),(212,0,0,1),(213,0,0,1),(214,0,0,1),(215,0,0,1),(216,0,0,1),(217,0,0,1),(218,0,0,1),(219,0,0,1),(220,0,0,1),(221,0,0,1),(223,0,0,1),(224,0,0,1),(225,0,0,1),(226,0,0,1),(227,286,1,1),(228,0,0,1),(229,0,0,1),(230,0,0,1),(231,0,0,1),(232,0,0,1),(233,0,0,1),(234,0,0,1),(235,0,0,1),(236,293,1,1),(237,293,1,1),(238,293,1,1),(239,293,1,1),(240,0,0,1),(241,0,0,1),(242,0,0,1),(243,0,0,1),(244,0,0,1),(245,0,0,1),(246,0,0,1),(247,0,0,1),(248,0,0,1),(249,0,0,1),(250,0,0,1),(251,0,0,1),(252,293,1,1),(253,293,1,1),(254,0,0,1),(255,0,0,1),(256,0,0,1),(257,0,0,1),(258,0,0,1),(259,0,0,1),(260,0,0,1),(261,0,0,1),(262,0,0,1),(263,0,0,1),(264,0,0,1),(265,0,0,1),(266,0,0,1),(267,0,0,1),(268,0,0,1),(269,0,0,1),(270,0,0,1),(271,0,0,1),(272,0,0,1),(273,0,0,1),(274,0,0,1),(275,0,0,1),(276,0,0,1),(278,0,0,1),(279,0,0,1),(280,0,0,1),(281,0,0,1),(282,0,0,1),(283,0,0,1),(284,0,0,1),(285,0,0,1),(286,0,0,1),(292,0,0,1),(293,0,0,1),(311,0,0,1),(312,0,0,1),(313,0,0,1),(314,0,0,1),(315,0,0,1),(316,0,0,1),(317,0,0,1),(318,0,0,1),(319,0,0,1),(321,0,0,1),(323,0,0,1),(325,0,0,1),(326,0,0,1),(328,0,0,1),(329,0,0,1),(330,0,0,1),(331,0,0,1),(332,0,0,1),(333,0,0,1),(334,0,0,1),(335,0,0,1),(336,0,0,1),(337,0,0,1),(338,337,1,1),(339,0,0,1),(340,0,0,1),(342,0,0,1),(343,0,0,1),(344,0,0,1),(345,0,0,1),(346,0,0,1),(347,0,0,1),(348,0,0,1),(349,0,0,1),(350,0,0,1),(351,0,0,1),(352,0,0,1),(353,0,0,1),(354,0,0,1),(355,337,1,1),(356,348,1,1),(357,348,1,1),(358,0,0,1),(359,0,0,1),(360,0,0,1),(361,0,0,1),(378,0,0,1),(379,0,0,1),(380,0,0,1),(381,0,0,1),(382,0,0,1),(383,0,0,1),(384,0,0,1),(385,0,0,1),(386,0,0,1),(387,0,0,1),(388,0,0,1),(389,0,0,1),(390,0,0,1),(391,0,0,1),(392,0,0,1),(393,0,0,1),(394,0,0,1),(395,0,0,1),(396,0,0,1),(403,0,0,1),(404,0,0,1),(405,0,0,1),(406,0,0,1),(407,0,0,1),(410,0,0,1),(411,0,0,1),(413,0,0,1),(419,0,0,1),(420,0,0,1),(421,0,0,1),(422,0,0,1),(423,0,0,1),(424,0,0,1),(425,0,0,1),(426,0,0,1),(427,0,0,1),(428,0,0,1),(429,0,0,1),(430,0,0,1),(522,0,0,1),(523,0,0,1),(524,0,0,1),(525,0,0,1),(526,0,0,1),(528,0,0,1),(529,0,0,1),(550,0,0,1),(570,0,0,1),(584,0,0,1),(586,0,0,1),(587,0,0,1),(588,0,0,1),(639,0,0,1),(640,0,0,1),(641,0,0,1),(642,0,0,1),(643,0,0,1),(644,0,0,1),(645,0,0,1),(646,0,0,1),(647,0,0,1),(648,0,0,1),(649,0,0,1),(655,0,0,1),(657,0,0,1),(680,0,0,1),(681,0,0,1),(686,0,0,1),(687,0,0,1),(688,0,0,1),(689,0,0,1),(690,0,0,1),(691,0,0,1),(692,0,0,1),(693,0,0,1),(694,0,0,1),(695,0,0,1),(696,0,0,1),(700,0,0,1),(702,0,0,1),(703,0,0,1),(705,0,0,1),(706,0,0,1),(707,0,0,1),(720,0,0,1),(723,0,0,1),(724,0,0,1),(725,0,0,1),(726,0,0,1),(746,0,0,1),(747,0,0,1),(749,0,0,1),(750,0,0,1),(753,0,0,1),(755,0,0,1),(759,0,0,1),(768,0,0,1),(776,0,0,1),(783,0,0,1),(784,0,0,1),(793,0,0,1),(794,0,0,1),(795,0,0,1),(796,0,0,1),(797,0,0,1),(798,0,0,1),(811,0,0,1),(812,0,0,1),(813,0,0,1),(814,0,0,1),(815,0,0,1),(816,0,0,1);

--
-- Table structure for table `wp_yoast_migrations`
--

CREATE TABLE `wp_yoast_migrations` (
  `id` int(11) unsigned NOT NULL AUTO_INCREMENT,
  `version` varchar(191) COLLATE utf8mb4_unicode_520_ci DEFAULT NULL,
  PRIMARY KEY (`id`),
  UNIQUE KEY `wp_yoast_migrations_version` (`version`)
) ENGINE=InnoDB AUTO_INCREMENT=24 DEFAULT CHARSET=utf8mb4 COLLATE=utf8mb4_unicode_520_ci;

--
-- Dumping data for table `wp_yoast_migrations`
--

INSERT INTO `wp_yoast_migrations` VALUES (1,'20171228151840'),(2,'20171228151841'),(3,'20190529075038'),(4,'20191011111109'),(5,'20200408101900'),(6,'20200420073606'),(7,'20200428123747'),(8,'20200428194858'),(9,'20200429105310'),(10,'20200430075614'),(11,'20200430150130'),(12,'20200507054848'),(13,'20200513133401'),(14,'20200609154515'),(15,'20200616130143'),(16,'20200617122511'),(17,'20200702141921'),(18,'20200728095334'),(19,'20201202144329'),(20,'20201216124002'),(21,'20201216141134'),(22,'20210817092415'),(23,'20211020091404');

--
-- Table structure for table `wp_yoast_primary_term`
--

CREATE TABLE `wp_yoast_primary_term` (
  `id` int(11) unsigned NOT NULL AUTO_INCREMENT,
  `post_id` bigint(20) DEFAULT NULL,
  `term_id` bigint(20) DEFAULT NULL,
  `taxonomy` varchar(32) COLLATE utf8mb4_unicode_520_ci NOT NULL,
  `created_at` datetime DEFAULT NULL,
  `updated_at` timestamp NOT NULL DEFAULT CURRENT_TIMESTAMP ON UPDATE CURRENT_TIMESTAMP,
  `blog_id` bigint(20) NOT NULL DEFAULT '1',
  PRIMARY KEY (`id`),
  KEY `post_taxonomy` (`post_id`,`taxonomy`),
  KEY `post_term` (`post_id`,`term_id`)
) ENGINE=InnoDB AUTO_INCREMENT=16 DEFAULT CHARSET=utf8mb4 COLLATE=utf8mb4_unicode_520_ci;

--
-- Dumping data for table `wp_yoast_primary_term`
--

INSERT INTO `wp_yoast_primary_term` VALUES (1,659,16,'category','2022-05-06 10:09:29','2022-05-06 10:09:29',1),(2,701,108,'category','2022-05-06 10:09:30','2022-05-06 10:09:30',1),(3,3304,84,'gallery-cat','2022-05-10 05:20:45','2022-05-10 05:20:45',1),(4,3306,84,'gallery-cat','2022-05-10 05:21:31','2022-05-10 05:21:31',1),(5,3308,84,'gallery-cat','2022-05-10 05:22:18','2022-05-10 05:22:18',1),(6,3310,84,'gallery-cat','2022-05-10 05:22:50','2022-05-10 05:22:50',1),(7,3312,84,'gallery-cat','2022-05-10 05:23:28','2022-05-10 05:23:28',1),(8,3314,84,'gallery-cat','2022-05-10 05:24:10','2022-05-10 05:24:10',1),(9,3316,84,'gallery-cat','2022-05-10 05:24:41','2022-05-10 05:24:41',1),(10,3318,85,'gallery-cat','2022-05-10 05:26:37','2022-05-10 05:26:37',1),(11,3320,85,'gallery-cat','2022-05-10 05:27:14','2022-05-10 05:27:14',1),(12,3322,85,'gallery-cat','2022-05-10 05:27:45','2022-05-10 05:27:45',1),(13,3324,85,'gallery-cat','2022-05-10 05:28:16','2022-05-10 05:28:16',1),(14,3326,85,'gallery-cat','2022-05-10 05:29:08','2022-05-10 05:29:08',1),(15,3328,85,'gallery-cat','2022-05-10 05:29:39','2022-05-10 05:29:39',1);

--
-- Table structure for table `wp_yoast_seo_links`
--

CREATE TABLE `wp_yoast_seo_links` (
  `id` bigint(20) unsigned NOT NULL AUTO_INCREMENT,
  `url` varchar(255) DEFAULT NULL,
  `post_id` bigint(20) unsigned DEFAULT NULL,
  `target_post_id` bigint(20) unsigned DEFAULT NULL,
  `type` varchar(8) DEFAULT NULL,
  `indexable_id` int(11) unsigned DEFAULT NULL,
  `target_indexable_id` int(11) unsigned DEFAULT NULL,
  `height` int(11) unsigned DEFAULT NULL,
  `width` int(11) unsigned DEFAULT NULL,
  `size` int(11) unsigned DEFAULT NULL,
  `language` varchar(32) DEFAULT NULL,
  `region` varchar(32) DEFAULT NULL,
  PRIMARY KEY (`id`),
  KEY `link_direction` (`post_id`,`type`),
  KEY `indexable_link_direction` (`indexable_id`,`type`)
) ENGINE=InnoDB AUTO_INCREMENT=640 DEFAULT CHARSET=utf8;

--
-- Dumping data for table `wp_yoast_seo_links`
--

INSERT INTO `wp_yoast_seo_links` VALUES (1,'#',313,NULL,'internal',240,NULL,NULL,NULL,NULL,NULL,NULL),(2,'https://smartdata.tonytemplates.com/car-repair-service-v4/car1/pricing-coupons/',313,NULL,'external',240,NULL,NULL,NULL,NULL,NULL,NULL),(4,'#',314,NULL,'internal',241,NULL,NULL,NULL,NULL,NULL,NULL),(5,'https://smartdata.tonytemplates.com/car-repair-service-v4/car1/pricing-coupons/',314,NULL,'external',241,NULL,NULL,NULL,NULL,NULL,NULL),(7,'#',317,NULL,'internal',242,NULL,NULL,NULL,NULL,NULL,NULL),(8,'https://smartdata.tonytemplates.com/car-repair-service-v4/car1/pricing-coupons/',317,NULL,'external',242,NULL,NULL,NULL,NULL,NULL,NULL),(10,'#',318,NULL,'internal',243,NULL,NULL,NULL,NULL,NULL,NULL),(11,'https://smartdata.tonytemplates.com/car-repair-service-v4/car1/pricing-coupons/',318,NULL,'external',243,NULL,NULL,NULL,NULL,NULL,NULL),(13,'#',319,NULL,'internal',244,NULL,NULL,NULL,NULL,NULL,NULL),(14,'https://smartdata.tonytemplates.com/car-repair-service-v4/car1/pricing-coupons/',319,NULL,'external',244,NULL,NULL,NULL,NULL,NULL,NULL),(17,'#',2266,NULL,'internal',247,NULL,NULL,NULL,NULL,NULL,NULL),(18,'https://smartdata.tonytemplates.com/car-repair-service-v4/car1/pricing-coupons/',2266,NULL,'external',247,NULL,NULL,NULL,NULL,NULL,NULL),(20,'#',2268,NULL,'internal',248,NULL,NULL,NULL,NULL,NULL,NULL),(21,'https://smartdata.tonytemplates.com/car-repair-service-v4/car1/pricing-coupons/',2268,NULL,'external',248,NULL,NULL,NULL,NULL,NULL,NULL),(23,'#',2270,NULL,'internal',249,NULL,NULL,NULL,NULL,NULL,NULL),(24,'https://smartdata.tonytemplates.com/car-repair-service-v4/car1/pricing-coupons/',2270,NULL,'external',249,NULL,NULL,NULL,NULL,NULL,NULL),(26,'#',2272,NULL,'internal',250,NULL,NULL,NULL,NULL,NULL,NULL),(27,'https://smartdata.tonytemplates.com/car-repair-service-v4/car1/pricing-coupons/',2272,NULL,'external',250,NULL,NULL,NULL,NULL,NULL,NULL),(29,'#',2275,NULL,'internal',251,NULL,NULL,NULL,NULL,NULL,NULL),(30,'https://smartdata.tonytemplates.com/car-repair-service-v4/car1/pricing-coupons/',2275,NULL,'external',251,NULL,NULL,NULL,NULL,NULL,NULL),(32,'https://demoweblinks.in/troosten/wp-content/uploads/2017/03/services-item-img02.jpg',313,2127,'image-in',240,207,348,350,50307,NULL,NULL),(33,'https://demoweblinks.in/troosten/wp-content/uploads/2017/03/services-item-img02.jpg',314,2127,'image-in',241,207,348,350,50307,NULL,NULL),(34,'https://demoweblinks.in/troosten/wp-content/uploads/2017/03/services-item-img02.jpg',317,2127,'image-in',242,207,348,350,50307,NULL,NULL),(35,'https://demoweblinks.in/troosten/wp-content/uploads/2017/03/services-item-img02.jpg',318,2127,'image-in',243,207,348,350,50307,NULL,NULL),(36,'https://demoweblinks.in/troosten/wp-content/uploads/2017/03/services-item-img02.jpg',319,2127,'image-in',244,207,348,350,50307,NULL,NULL),(37,'#',320,NULL,'internal',245,NULL,NULL,NULL,NULL,NULL,NULL),(38,'https://smartdata.tonytemplates.com/car-repair-service-v4/car1/pricing-coupons/',320,NULL,'external',245,NULL,NULL,NULL,NULL,NULL,NULL),(39,'https://demoweblinks.in/troosten/wp-content/uploads/2017/03/services-item-img02.jpg',320,2127,'image-in',245,207,348,350,50307,NULL,NULL),(40,'https://demoweblinks.in/troosten/wp-content/uploads/2017/03/services-item-img02.jpg',2266,2127,'image-in',247,207,348,350,50307,NULL,NULL),(41,'https://demoweblinks.in/troosten/wp-content/uploads/2017/03/services-item-img02.jpg',2268,2127,'image-in',248,207,348,350,50307,NULL,NULL),(42,'https://demoweblinks.in/troosten/wp-content/uploads/2017/03/services-item-img02.jpg',2270,2127,'image-in',249,207,348,350,50307,NULL,NULL),(43,'https://demoweblinks.in/troosten/wp-content/uploads/2017/03/services-item-img02.jpg',2272,2127,'image-in',250,207,348,350,50307,NULL,NULL),(44,'https://demoweblinks.in/troosten/wp-content/uploads/2017/03/services-item-img02.jpg',2275,2127,'image-in',251,207,348,350,50307,NULL,NULL),(90,'#',2677,NULL,'internal',292,NULL,NULL,NULL,NULL,NULL,NULL),(91,'#',2677,NULL,'internal',292,NULL,NULL,NULL,NULL,NULL,NULL),(92,'#',2677,NULL,'internal',292,NULL,NULL,NULL,NULL,NULL,NULL),(93,'#',2677,NULL,'internal',292,NULL,NULL,NULL,NULL,NULL,NULL),(94,'#',2677,NULL,'internal',292,NULL,NULL,NULL,NULL,NULL,NULL),(161,'#',56,NULL,'internal',313,NULL,NULL,NULL,NULL,NULL,NULL),(162,'#',56,NULL,'internal',313,NULL,NULL,NULL,NULL,NULL,NULL),(163,'#',56,NULL,'internal',313,NULL,NULL,NULL,NULL,NULL,NULL),(164,'#',56,NULL,'internal',313,NULL,NULL,NULL,NULL,NULL,NULL),(165,'#',56,NULL,'internal',313,NULL,NULL,NULL,NULL,NULL,NULL),(168,'#',56,NULL,'internal',313,NULL,NULL,NULL,NULL,NULL,NULL),(169,'#',56,NULL,'internal',313,NULL,NULL,NULL,NULL,NULL,NULL),(201,'https://demoweblinks.in/troosten/shop/',712,NULL,'internal',329,NULL,NULL,NULL,NULL,NULL,NULL),(202,'https://demoweblinks.in/troosten/my-account/',714,13,'internal',331,332,NULL,NULL,NULL,NULL,NULL),(203,'https://demoweblinks.in/troosten/my-account/orders/',714,13,'internal',331,332,NULL,NULL,NULL,NULL,NULL),(204,'https://demoweblinks.in/troosten/my-account/downloads/',714,13,'internal',331,332,NULL,NULL,NULL,NULL,NULL),(205,'https://demoweblinks.in/troosten/my-account/edit-address/',714,13,'internal',331,332,NULL,NULL,NULL,NULL,NULL),(206,'https://demoweblinks.in/troosten/my-account/edit-account/',714,13,'internal',331,332,NULL,NULL,NULL,NULL,NULL),(207,'https://demoweblinks.in/troosten/my-account/customer-logout/?_wpnonce=cacde0ee7e',714,13,'internal',331,332,NULL,NULL,NULL,NULL,NULL),(208,'https://demoweblinks.in/troosten/my-account/customer-logout/?_wpnonce=cacde0ee7e',714,13,'internal',331,332,NULL,NULL,NULL,NULL,NULL),(209,'https://demoweblinks.in/troosten/my-account-2/orders/',714,714,'internal',331,331,NULL,NULL,NULL,NULL,NULL),(210,'https://demoweblinks.in/troosten/my-account-2/edit-address/',714,714,'internal',331,331,NULL,NULL,NULL,NULL,NULL),(211,'https://demoweblinks.in/troosten/my-account-2/edit-account/',714,714,'internal',331,331,NULL,NULL,NULL,NULL,NULL),(222,'javascript:void(0)',971,NULL,'external',334,NULL,NULL,NULL,NULL,NULL,NULL),(223,'javascript:void(0)',971,NULL,'external',334,NULL,NULL,NULL,NULL,NULL,NULL),(224,'javascript:void(0)',971,NULL,'external',334,NULL,NULL,NULL,NULL,NULL,NULL),(225,'javascript:void(0)',971,NULL,'external',334,NULL,NULL,NULL,NULL,NULL,NULL),(226,'#',971,NULL,'internal',334,NULL,NULL,NULL,NULL,NULL,NULL),(227,'#',1677,NULL,'internal',335,NULL,NULL,NULL,NULL,NULL,NULL),(241,'https://smartdata.tonytemplates.com/car-repair-service-v4/car1/wp-content/uploads/sites/5/2017/03/services-item-img02.jpg',659,NULL,'image-ex',342,NULL,NULL,NULL,NULL,NULL,NULL),(242,'https://demoweblinks.in/troosten/car-services/automatic-updatesand-unlock-2/',2677,2275,'internal',292,251,NULL,NULL,NULL,NULL,NULL),(243,'https://demoweblinks.in/troosten/car-services/automatic-updatesand-unlock-2/',2677,2275,'internal',292,251,NULL,NULL,NULL,NULL,NULL),(244,'https://demoweblinks.in/troosten/car-services/would-you-like-to-2/',2677,2272,'internal',292,250,NULL,NULL,NULL,NULL,NULL),(245,'https://demoweblinks.in/troosten/car-services/would-you-like-to-2/',2677,2272,'internal',292,250,NULL,NULL,NULL,NULL,NULL),(246,'https://demoweblinks.in/troosten/car-services/exhaustsystem-2-2/',2677,2270,'internal',292,249,NULL,NULL,NULL,NULL,NULL),(247,'https://demoweblinks.in/troosten/car-services/exhaustsystem-2-2/',2677,2270,'internal',292,249,NULL,NULL,NULL,NULL,NULL),(248,'https://demoweblinks.in/troosten/car-services/tires-wheels-2/',2677,2268,'internal',292,248,NULL,NULL,NULL,NULL,NULL),(249,'https://demoweblinks.in/troosten/car-services/tires-wheels-2/',2677,2268,'internal',292,248,NULL,NULL,NULL,NULL,NULL),(250,'https://demoweblinks.in/troosten/car-services/preventative-maintenance-3-2/',2677,2266,'internal',292,247,NULL,NULL,NULL,NULL,NULL),(251,'https://demoweblinks.in/troosten/car-services/preventative-maintenance-3-2/',2677,2266,'internal',292,247,NULL,NULL,NULL,NULL,NULL),(252,'https://demoweblinks.in/troosten/car-services/exhaus-system/',2677,320,'internal',292,245,NULL,NULL,NULL,NULL,NULL),(253,'https://demoweblinks.in/troosten/car-services/exhaus-system/',2677,320,'internal',292,245,NULL,NULL,NULL,NULL,NULL),(254,'https://demoweblinks.in/troosten/car-services/would-you-like-to/',2677,319,'internal',292,244,NULL,NULL,NULL,NULL,NULL),(255,'https://demoweblinks.in/troosten/car-services/would-you-like-to/',2677,319,'internal',292,244,NULL,NULL,NULL,NULL,NULL),(256,'https://demoweblinks.in/troosten/car-services/exhaustsystem-2/',2677,318,'internal',292,243,NULL,NULL,NULL,NULL,NULL),(257,'https://demoweblinks.in/troosten/car-services/exhaustsystem-2/',2677,318,'internal',292,243,NULL,NULL,NULL,NULL,NULL),(258,'https://demoweblinks.in/troosten/car-services/tires-wheels/',2677,317,'internal',292,242,NULL,NULL,NULL,NULL,NULL),(259,'https://demoweblinks.in/troosten/car-services/tires-wheels/',2677,317,'internal',292,242,NULL,NULL,NULL,NULL,NULL),(260,'https://demoweblinks.in/troosten/car-services/brakerepair-service-2/',2677,314,'internal',292,241,NULL,NULL,NULL,NULL,NULL),(261,'https://demoweblinks.in/troosten/car-services/brakerepair-service-2/',2677,314,'internal',292,241,NULL,NULL,NULL,NULL,NULL),(262,'https://demoweblinks.in/troosten/car-services/preventative-maintenance-3/',2677,313,'internal',292,240,NULL,NULL,NULL,NULL,NULL),(263,'https://demoweblinks.in/troosten/car-services/preventative-maintenance-3/',2677,313,'internal',292,240,NULL,NULL,NULL,NULL,NULL),(264,'https://demoweblinks.in/troosten/car-services/automatic-updatesand-unlock-2/',2677,2275,'internal',292,251,NULL,NULL,NULL,NULL,NULL),(265,'https://demoweblinks.in/troosten/car-services/automatic-updatesand-unlock-2/',2677,2275,'internal',292,251,NULL,NULL,NULL,NULL,NULL),(266,'https://demoweblinks.in/troosten/car-services/would-you-like-to-2/',2677,2272,'internal',292,250,NULL,NULL,NULL,NULL,NULL),(267,'https://demoweblinks.in/troosten/car-services/would-you-like-to-2/',2677,2272,'internal',292,250,NULL,NULL,NULL,NULL,NULL),(268,'https://demoweblinks.in/troosten/car-services/exhaustsystem-2-2/',2677,2270,'internal',292,249,NULL,NULL,NULL,NULL,NULL),(269,'https://demoweblinks.in/troosten/car-services/exhaustsystem-2-2/',2677,2270,'internal',292,249,NULL,NULL,NULL,NULL,NULL),(270,'https://demoweblinks.in/troosten/car-services/tires-wheels-2/',2677,2268,'internal',292,248,NULL,NULL,NULL,NULL,NULL),(271,'https://demoweblinks.in/troosten/car-services/tires-wheels-2/',2677,2268,'internal',292,248,NULL,NULL,NULL,NULL,NULL),(272,'https://demoweblinks.in/troosten/car-services/preventative-maintenance-3-2/',2677,2266,'internal',292,247,NULL,NULL,NULL,NULL,NULL),(273,'https://demoweblinks.in/troosten/car-services/preventative-maintenance-3-2/',2677,2266,'internal',292,247,NULL,NULL,NULL,NULL,NULL),(274,'https://demoweblinks.in/troosten/car-services/exhaus-system/',2677,320,'internal',292,245,NULL,NULL,NULL,NULL,NULL),(275,'https://demoweblinks.in/troosten/car-services/exhaus-system/',2677,320,'internal',292,245,NULL,NULL,NULL,NULL,NULL),(276,'https://demoweblinks.in/troosten/car-services/would-you-like-to/',2677,319,'internal',292,244,NULL,NULL,NULL,NULL,NULL),(277,'https://demoweblinks.in/troosten/car-services/would-you-like-to/',2677,319,'internal',292,244,NULL,NULL,NULL,NULL,NULL),(278,'https://demoweblinks.in/troosten/car-services/exhaustsystem-2/',2677,318,'internal',292,243,NULL,NULL,NULL,NULL,NULL),(279,'https://demoweblinks.in/troosten/car-services/exhaustsystem-2/',2677,318,'internal',292,243,NULL,NULL,NULL,NULL,NULL),(280,'https://demoweblinks.in/troosten/car-services/tires-wheels/',2677,317,'internal',292,242,NULL,NULL,NULL,NULL,NULL),(281,'https://demoweblinks.in/troosten/car-services/tires-wheels/',2677,317,'internal',292,242,NULL,NULL,NULL,NULL,NULL),(282,'https://demoweblinks.in/troosten/car-services/brakerepair-service-2/',2677,314,'internal',292,241,NULL,NULL,NULL,NULL,NULL),(283,'https://demoweblinks.in/troosten/car-services/brakerepair-service-2/',2677,314,'internal',292,241,NULL,NULL,NULL,NULL,NULL),(284,'https://demoweblinks.in/troosten/car-services/preventative-maintenance-3/',2677,313,'internal',292,240,NULL,NULL,NULL,NULL,NULL),(285,'https://demoweblinks.in/troosten/car-services/preventative-maintenance-3/',2677,313,'internal',292,240,NULL,NULL,NULL,NULL,NULL),(286,'https://demoweblinks.in/troosten/wp-content/uploads/2017/03/services-img-01-357x242.jpg',2677,18,'image-in',292,80,251,370,33769,NULL,NULL),(287,'https://demoweblinks.in/troosten/wp-content/uploads/2017/03/services-img-02-357x242.jpg',2677,21,'image-in',292,81,251,370,27916,NULL,NULL),(288,'https://demoweblinks.in/troosten/wp-content/uploads/2017/03/services-img-03-357x242.jpg',2677,42,'image-in',292,83,251,370,44546,NULL,NULL),(289,'https://demoweblinks.in/troosten/wp-content/uploads/2017/03/services-img-05-357x242.jpg',2677,306,'image-in',292,115,251,370,41404,NULL,NULL),(290,'https://demoweblinks.in/troosten/wp-content/uploads/2017/03/services-img-04-357x242.jpg',2677,304,'image-in',292,114,251,370,34461,NULL,NULL),(291,'https://demoweblinks.in/troosten/wp-content/uploads/2017/03/services-img-06-357x242.jpg',2677,307,'image-in',292,116,311,370,42286,NULL,NULL),(292,'https://demoweblinks.in/troosten/wp-content/uploads/2017/03/services-img-02-357x242.jpg',2677,21,'image-in',292,81,251,370,27916,NULL,NULL),(293,'https://demoweblinks.in/troosten/wp-content/uploads/2017/03/services-img-03-357x242.jpg',2677,42,'image-in',292,83,251,370,44546,NULL,NULL),(294,'https://demoweblinks.in/troosten/wp-content/uploads/2017/03/services-img-05-357x242.jpg',2677,306,'image-in',292,115,251,370,41404,NULL,NULL),(295,'https://demoweblinks.in/troosten/wp-content/uploads/2017/03/services-img-06-357x242.jpg',2677,307,'image-in',292,116,311,370,42286,NULL,NULL),(296,'https://demoweblinks.in/troosten/wp-content/uploads/2017/03/services-img-04-357x242.jpg',2677,304,'image-in',292,114,251,370,34461,NULL,NULL),(297,'https://demoweblinks.in/troosten/wp-content/uploads/2017/03/services-img-01-357x242.jpg',2677,18,'image-in',292,80,251,370,33769,NULL,NULL),(298,'https://demoweblinks.in/troosten/wp-content/uploads/2017/03/services-img-02-357x242.jpg',2677,21,'image-in',292,81,251,370,27916,NULL,NULL),(299,'https://demoweblinks.in/troosten/wp-content/uploads/2017/03/services-img-03-357x242.jpg',2677,42,'image-in',292,83,251,370,44546,NULL,NULL),(300,'https://demoweblinks.in/troosten/wp-content/uploads/2017/03/services-img-05-357x242.jpg',2677,306,'image-in',292,115,251,370,41404,NULL,NULL),(301,'https://demoweblinks.in/troosten/wp-content/uploads/2017/03/services-img-04-357x242.jpg',2677,304,'image-in',292,114,251,370,34461,NULL,NULL),(302,'https://demoweblinks.in/troosten/wp-content/uploads/2017/03/services-img-06-357x242.jpg',2677,307,'image-in',292,116,311,370,42286,NULL,NULL),(303,'https://demoweblinks.in/troosten/wp-content/uploads/2017/03/services-img-02-357x242.jpg',2677,21,'image-in',292,81,251,370,27916,NULL,NULL),(304,'https://demoweblinks.in/troosten/wp-content/uploads/2017/03/services-img-03-357x242.jpg',2677,42,'image-in',292,83,251,370,44546,NULL,NULL),(305,'https://demoweblinks.in/troosten/wp-content/uploads/2017/03/services-img-05-357x242.jpg',2677,306,'image-in',292,115,251,370,41404,NULL,NULL),(306,'https://demoweblinks.in/troosten/wp-content/uploads/2017/03/services-img-06-357x242.jpg',2677,307,'image-in',292,116,311,370,42286,NULL,NULL),(307,'https://demoweblinks.in/troosten/wp-content/uploads/2017/03/services-img-04-357x242.jpg',2677,304,'image-in',292,114,251,370,34461,NULL,NULL),(308,'http://Get%20a%20Quote',1520,NULL,'external',293,NULL,NULL,NULL,NULL,NULL,NULL),(309,'https://demoweblinks.in/troosten/wp-content/uploads/2020/03/popup-img01.jpg',1520,2099,'internal',293,206,NULL,NULL,NULL,NULL,NULL),(310,'https://demoweblinks.in/troosten/wp-content/uploads/2020/04/popup-img02.jpg',1520,2445,'internal',293,239,NULL,NULL,NULL,NULL,NULL),(311,'https://demoweblinks.in/troosten/wp-content/uploads/2020/04/popup-img03.jpg',1520,2447,'internal',293,252,NULL,NULL,NULL,NULL,NULL),(312,'https://demoweblinks.in/troosten/wp-content/uploads/2020/04/popup-img04.jpg',1520,2449,'internal',293,253,NULL,NULL,NULL,NULL,NULL),(313,'https://demoweblinks.in/troosten/wp-content/uploads/2020/04/popup-img05.jpg',1520,2438,'internal',293,238,NULL,NULL,NULL,NULL,NULL),(314,'https://demoweblinks.in/troosten/wp-content/uploads/2020/03/popup-img01.jpg',1520,2099,'internal',293,206,NULL,NULL,NULL,NULL,NULL),(321,'https://demoweblinks.in/troosten/wp-content/uploads/2020/03/popup-img01.jpg',1520,2099,'image-in',293,206,384,384,29446,NULL,NULL),(322,'https://demoweblinks.in/troosten/wp-content/uploads/2020/04/popup-img02.jpg',1520,2445,'image-in',293,239,384,384,24063,NULL,NULL),(323,'https://demoweblinks.in/troosten/wp-content/uploads/2020/04/popup-img03.jpg',1520,2447,'image-in',293,252,384,384,62909,NULL,NULL),(324,'https://demoweblinks.in/troosten/wp-content/uploads/2020/04/popup-img04.jpg',1520,2449,'image-in',293,253,384,384,22506,NULL,NULL),(325,'https://demoweblinks.in/troosten/wp-content/uploads/2020/04/popup-img05.jpg',1520,2438,'image-in',293,238,384,384,29934,NULL,NULL),(326,'https://demoweblinks.in/troosten/wp-content/uploads/2020/03/popup-img01.jpg',1520,2099,'image-in',293,206,384,384,29446,NULL,NULL),(327,'https://demoweblinks.in/troosten/wp-content/uploads/2017/03/service-1-bg-390x390.png',56,83,'image-in',313,88,390,390,127,NULL,NULL),(329,'https://demoweblinks.in/troosten/wp-content/uploads/2017/03/service-3-bg-390x390.jpg',56,90,'image-in',313,90,390,390,2084,NULL,NULL),(331,'https://demoweblinks.in/troosten/wp-content/uploads/2017/03/service-5-bg-390x390.jpg',56,95,'image-in',313,102,390,390,21631,NULL,NULL),(356,'https://demoweblinks.in/troosten/wp-content/themes/car-repair-services/images/ajax-loader.gif',393,NULL,'image-in',316,NULL,NULL,NULL,NULL,NULL,NULL),(357,'https://demoweblinks.in/troosten/wp-content/uploads/2017/03/img01-before.jpg',2180,2186,'image-in',336,208,370,770,117099,NULL,NULL),(358,'https://demoweblinks.in/troosten/wp-content/uploads/2017/03/img01-after.jpg',2180,2187,'image-in',336,209,370,770,126302,NULL,NULL),(359,'https://demoweblinks.in/troosten/wp-content/uploads/2017/03/img02-before.jpg',2180,2191,'image-in',336,210,370,770,93118,NULL,NULL),(360,'https://demoweblinks.in/troosten/wp-content/uploads/2017/03/img02-after.jpg',2180,2192,'image-in',336,211,370,770,98134,NULL,NULL),(361,'https://demoweblinks.in/troosten/wp-content/uploads/2017/03/img03-before.jpg',2180,2193,'image-in',336,212,370,770,107887,NULL,NULL),(362,'https://demoweblinks.in/troosten/wp-content/uploads/2017/03/img03-after.jpg',2180,2194,'image-in',336,213,370,770,112806,NULL,NULL),(363,'https://demoweblinks.in/troosten/wp-content/uploads/2017/03/img04-before.jpg',2180,2195,'image-in',336,214,370,770,120442,NULL,NULL),(364,'https://demoweblinks.in/troosten/wp-content/uploads/2017/03/img04-after.jpg',2180,2196,'image-in',336,215,370,770,116270,NULL,NULL),(365,'https://demoweblinks.in/troosten/wp-content/uploads/2017/03/img05-before.jpg',2180,2197,'image-in',336,216,370,770,121819,NULL,NULL),(366,'https://demoweblinks.in/troosten/wp-content/uploads/2017/03/img05-after.jpg',2180,2198,'image-in',336,217,370,770,93483,NULL,NULL),(367,'https://demoweblinks.in/troosten/wp-content/uploads/2017/03/img06-before.jpg',2180,2199,'image-in',336,218,370,770,140025,NULL,NULL),(368,'https://demoweblinks.in/troosten/wp-content/uploads/2017/03/img06-after.jpg',2180,2200,'image-in',336,219,370,770,121109,NULL,NULL),(369,'https://demoweblinks.in/troosten/wp-content/themes/car-repair-services/images/ajax-loader.gif',2180,NULL,'image-in',336,NULL,NULL,NULL,NULL,NULL,NULL),(370,'https://demoweblinks.in/troosten/wp-content/uploads/2017/06/section-blog-img01-178x179.jpg',814,2006,'image-in',333,198,179,178,12461,NULL,NULL),(371,'https://demoweblinks.in/troosten/wp-content/uploads/2017/06/testimonial1-178x179.jpg',814,2470,'image-in',333,254,515,512,186640,NULL,NULL),(372,'https://demoweblinks.in/troosten/wp-content/uploads/2017/06/testimonial2-178x179.jpg',814,2471,'image-in',333,255,515,512,139992,NULL,NULL),(373,'https://demoweblinks.in/troosten/wp-content/uploads/2017/06/section-blog-img01-63x63.jpg',814,2006,'image-in',333,198,179,178,12461,NULL,NULL),(374,'https://demoweblinks.in/troosten/wp-content/uploads/2017/06/testimonial1-63x63.jpg',814,2470,'image-in',333,254,515,512,186640,NULL,NULL),(375,'https://demoweblinks.in/troosten/wp-content/uploads/2017/06/testimonial2-63x63.jpg',814,2471,'image-in',333,255,515,512,139992,NULL,NULL),(376,'https://demoweblinks.in/troosten/wp-content/uploads/2017/06/testimonial3-63x63.jpg',814,2472,'image-in',333,256,515,512,168254,NULL,NULL),(377,'https://demoweblinks.in/troosten/wp-content/uploads/2017/06/testimonial4-63x63.jpg',814,2473,'image-in',333,257,515,512,191407,NULL,NULL),(378,'https://demoweblinks.in/troosten/wp-content/uploads/2017/06/testimonial5-63x63.jpg',814,2474,'image-in',333,258,515,512,138560,NULL,NULL),(379,'https://demoweblinks.in/troosten/wp-content/themes/car-repair-services/images/ajax-loader.gif',814,NULL,'image-in',333,NULL,NULL,NULL,NULL,NULL,NULL),(380,'',56,NULL,'internal',313,NULL,NULL,NULL,NULL,NULL,NULL),(381,'https://demoweblinks.in/troosten/wp-admin/',2,NULL,'internal',410,NULL,NULL,NULL,NULL,NULL,NULL),(382,'#',2969,NULL,'internal',639,NULL,NULL,NULL,NULL,NULL,NULL),(383,'https://smartdata.tonytemplates.com/car-repair-service-v4/demo2/pricing-coupons/',2969,NULL,'external',639,NULL,NULL,NULL,NULL,NULL,NULL),(385,'#',2970,NULL,'internal',640,NULL,NULL,NULL,NULL,NULL,NULL),(386,'https://smartdata.tonytemplates.com/car-repair-service-v4/demo2/pricing-coupons/',2970,NULL,'external',640,NULL,NULL,NULL,NULL,NULL,NULL),(388,'#',2971,NULL,'internal',641,NULL,NULL,NULL,NULL,NULL,NULL),(389,'https://smartdata.tonytemplates.com/car-repair-service-v4/demo2/pricing-coupons/',2971,NULL,'external',641,NULL,NULL,NULL,NULL,NULL,NULL),(391,'#',2972,NULL,'internal',642,NULL,NULL,NULL,NULL,NULL,NULL),(392,'https://smartdata.tonytemplates.com/car-repair-service-v4/demo2/pricing-coupons/',2972,NULL,'external',642,NULL,NULL,NULL,NULL,NULL,NULL),(394,'#',2973,NULL,'internal',643,NULL,NULL,NULL,NULL,NULL,NULL),(395,'https://smartdata.tonytemplates.com/car-repair-service-v4/demo2/pricing-coupons/',2973,NULL,'external',643,NULL,NULL,NULL,NULL,NULL,NULL),(398,'#',2975,NULL,'internal',645,NULL,NULL,NULL,NULL,NULL,NULL),(399,'https://smartdata.tonytemplates.com/car-repair-service-v4/demo2/pricing-coupons/',2975,NULL,'external',645,NULL,NULL,NULL,NULL,NULL,NULL),(401,'#',2976,NULL,'internal',646,NULL,NULL,NULL,NULL,NULL,NULL),(402,'https://smartdata.tonytemplates.com/car-repair-service-v4/demo2/pricing-coupons/',2976,NULL,'external',646,NULL,NULL,NULL,NULL,NULL,NULL),(404,'#',2977,NULL,'internal',647,NULL,NULL,NULL,NULL,NULL,NULL),(405,'https://smartdata.tonytemplates.com/car-repair-service-v4/demo2/pricing-coupons/',2977,NULL,'external',647,NULL,NULL,NULL,NULL,NULL,NULL),(407,'#',2978,NULL,'internal',648,NULL,NULL,NULL,NULL,NULL,NULL),(408,'https://smartdata.tonytemplates.com/car-repair-service-v4/demo2/pricing-coupons/',2978,NULL,'external',648,NULL,NULL,NULL,NULL,NULL,NULL),(410,'#',2979,NULL,'internal',649,NULL,NULL,NULL,NULL,NULL,NULL),(411,'https://smartdata.tonytemplates.com/car-repair-service-v4/demo2/pricing-coupons/',2979,NULL,'external',649,NULL,NULL,NULL,NULL,NULL,NULL),(413,'#',3004,NULL,'internal',680,NULL,NULL,NULL,NULL,NULL,NULL),(427,'https://demoweblinks.in/troosten/wp-content/uploads/2017/03/services-item-img02.jpg',2969,2127,'image-in',639,207,348,350,50307,NULL,NULL),(428,'https://demoweblinks.in/troosten/wp-content/uploads/2017/03/services-item-img02.jpg',2970,2127,'image-in',640,207,348,350,50307,NULL,NULL),(429,'https://demoweblinks.in/troosten/wp-content/uploads/2017/03/services-item-img02.jpg',2971,2127,'image-in',641,207,348,350,50307,NULL,NULL),(430,'https://demoweblinks.in/troosten/wp-content/uploads/2017/03/services-item-img02.jpg',2972,2127,'image-in',642,207,348,350,50307,NULL,NULL),(431,'https://demoweblinks.in/troosten/wp-content/uploads/2017/03/services-item-img02.jpg',2973,2127,'image-in',643,207,348,350,50307,NULL,NULL),(432,'#',2974,NULL,'internal',644,NULL,NULL,NULL,NULL,NULL,NULL),(433,'https://smartdata.tonytemplates.com/car-repair-service-v4/demo2/pricing-coupons/',2974,NULL,'external',644,NULL,NULL,NULL,NULL,NULL,NULL),(434,'https://demoweblinks.in/troosten/wp-content/uploads/2017/03/services-item-img02.jpg',2974,2127,'image-in',644,207,348,350,50307,NULL,NULL),(435,'https://demoweblinks.in/troosten/wp-content/uploads/2017/03/services-item-img02.jpg',2975,2127,'image-in',645,207,348,350,50307,NULL,NULL),(436,'https://demoweblinks.in/troosten/wp-content/uploads/2017/03/services-item-img02.jpg',2976,2127,'image-in',646,207,348,350,50307,NULL,NULL),(437,'https://demoweblinks.in/troosten/wp-content/uploads/2017/03/services-item-img02.jpg',2977,2127,'image-in',647,207,348,350,50307,NULL,NULL),(438,'https://demoweblinks.in/troosten/wp-content/uploads/2017/03/services-item-img02.jpg',2978,2127,'image-in',648,207,348,350,50307,NULL,NULL),(439,'https://demoweblinks.in/troosten/wp-content/uploads/2017/03/services-item-img02.jpg',2979,2127,'image-in',649,207,348,350,50307,NULL,NULL),(440,'https://demoweblinks.in/troosten/wp-content/uploads/2017/03/img01-before.jpg',3005,2186,'image-in',681,208,370,770,117099,NULL,NULL),(441,'https://demoweblinks.in/troosten/wp-content/uploads/2017/03/img01-after.jpg',3005,2187,'image-in',681,209,370,770,126302,NULL,NULL),(442,'https://demoweblinks.in/troosten/wp-content/uploads/2017/03/img02-before.jpg',3005,2191,'image-in',681,210,370,770,93118,NULL,NULL),(443,'https://demoweblinks.in/troosten/wp-content/uploads/2017/03/img02-after.jpg',3005,2192,'image-in',681,211,370,770,98134,NULL,NULL),(444,'https://demoweblinks.in/troosten/wp-content/uploads/2017/03/img03-before.jpg',3005,2193,'image-in',681,212,370,770,107887,NULL,NULL),(445,'https://demoweblinks.in/troosten/wp-content/uploads/2017/03/img03-after.jpg',3005,2194,'image-in',681,213,370,770,112806,NULL,NULL),(446,'https://demoweblinks.in/troosten/wp-content/uploads/2017/03/img04-before.jpg',3005,2195,'image-in',681,214,370,770,120442,NULL,NULL),(447,'https://demoweblinks.in/troosten/wp-content/uploads/2017/03/img04-after.jpg',3005,2196,'image-in',681,215,370,770,116270,NULL,NULL),(448,'https://demoweblinks.in/troosten/wp-content/uploads/2017/03/img05-before.jpg',3005,2197,'image-in',681,216,370,770,121819,NULL,NULL),(449,'https://demoweblinks.in/troosten/wp-content/uploads/2017/03/img05-after.jpg',3005,2198,'image-in',681,217,370,770,93483,NULL,NULL),(450,'https://demoweblinks.in/troosten/wp-content/uploads/2017/03/img06-before.jpg',3005,2199,'image-in',681,218,370,770,140025,NULL,NULL),(451,'https://demoweblinks.in/troosten/wp-content/uploads/2017/03/img06-after.jpg',3005,2200,'image-in',681,219,370,770,121109,NULL,NULL),(452,'https://demoweblinks.in/troosten/wp-content/themes/car-repair-services/images/ajax-loader.gif',3005,NULL,'image-in',681,NULL,NULL,NULL,NULL,NULL,NULL),(453,'#',3049,NULL,'internal',686,NULL,NULL,NULL,NULL,NULL,NULL),(454,'https://smartdata.tonytemplates.com/car-repair-service-v4/demo2/pricing-coupons/',3049,NULL,'external',686,NULL,NULL,NULL,NULL,NULL,NULL),(456,'#',3050,NULL,'internal',687,NULL,NULL,NULL,NULL,NULL,NULL),(457,'https://smartdata.tonytemplates.com/car-repair-service-v4/demo2/pricing-coupons/',3050,NULL,'external',687,NULL,NULL,NULL,NULL,NULL,NULL),(459,'#',3051,NULL,'internal',688,NULL,NULL,NULL,NULL,NULL,NULL),(460,'https://smartdata.tonytemplates.com/car-repair-service-v4/demo2/pricing-coupons/',3051,NULL,'external',688,NULL,NULL,NULL,NULL,NULL,NULL),(462,'#',3052,NULL,'internal',689,NULL,NULL,NULL,NULL,NULL,NULL),(463,'https://smartdata.tonytemplates.com/car-repair-service-v4/demo2/pricing-coupons/',3052,NULL,'external',689,NULL,NULL,NULL,NULL,NULL,NULL),(465,'#',3053,NULL,'internal',690,NULL,NULL,NULL,NULL,NULL,NULL),(466,'https://smartdata.tonytemplates.com/car-repair-service-v4/demo2/pricing-coupons/',3053,NULL,'external',690,NULL,NULL,NULL,NULL,NULL,NULL),(469,'#',3055,NULL,'internal',692,NULL,NULL,NULL,NULL,NULL,NULL),(470,'https://smartdata.tonytemplates.com/car-repair-service-v4/demo2/pricing-coupons/',3055,NULL,'external',692,NULL,NULL,NULL,NULL,NULL,NULL),(472,'#',3056,NULL,'internal',693,NULL,NULL,NULL,NULL,NULL,NULL),(473,'https://smartdata.tonytemplates.com/car-repair-service-v4/demo2/pricing-coupons/',3056,NULL,'external',693,NULL,NULL,NULL,NULL,NULL,NULL),(475,'#',3057,NULL,'internal',694,NULL,NULL,NULL,NULL,NULL,NULL),(476,'https://smartdata.tonytemplates.com/car-repair-service-v4/demo2/pricing-coupons/',3057,NULL,'external',694,NULL,NULL,NULL,NULL,NULL,NULL),(478,'#',3058,NULL,'internal',695,NULL,NULL,NULL,NULL,NULL,NULL),(479,'https://smartdata.tonytemplates.com/car-repair-service-v4/demo2/pricing-coupons/',3058,NULL,'external',695,NULL,NULL,NULL,NULL,NULL,NULL),(481,'#',3059,NULL,'internal',696,NULL,NULL,NULL,NULL,NULL,NULL),(482,'https://smartdata.tonytemplates.com/car-repair-service-v4/demo2/pricing-coupons/',3059,NULL,'external',696,NULL,NULL,NULL,NULL,NULL,NULL),(484,'https://demoweblinks.in/troosten/wp-content/uploads/2017/03/services-item-img02.jpg',3049,2127,'image-in',686,207,348,350,50307,NULL,NULL),(485,'https://demoweblinks.in/troosten/wp-content/uploads/2017/03/services-item-img02.jpg',3050,2127,'image-in',687,207,348,350,50307,NULL,NULL),(486,'https://demoweblinks.in/troosten/wp-content/uploads/2017/03/services-item-img02.jpg',3051,2127,'image-in',688,207,348,350,50307,NULL,NULL),(487,'https://demoweblinks.in/troosten/wp-content/uploads/2017/03/services-item-img02.jpg',3052,2127,'image-in',689,207,348,350,50307,NULL,NULL),(488,'https://demoweblinks.in/troosten/wp-content/uploads/2017/03/services-item-img02.jpg',3053,2127,'image-in',690,207,348,350,50307,NULL,NULL),(489,'#',3054,NULL,'internal',691,NULL,NULL,NULL,NULL,NULL,NULL),(490,'https://smartdata.tonytemplates.com/car-repair-service-v4/demo2/pricing-coupons/',3054,NULL,'external',691,NULL,NULL,NULL,NULL,NULL,NULL),(491,'https://demoweblinks.in/troosten/wp-content/uploads/2017/03/services-item-img02.jpg',3054,2127,'image-in',691,207,348,350,50307,NULL,NULL),(492,'https://demoweblinks.in/troosten/wp-content/uploads/2017/03/services-item-img02.jpg',3055,2127,'image-in',692,207,348,350,50307,NULL,NULL),(493,'https://demoweblinks.in/troosten/wp-content/uploads/2017/03/services-item-img02.jpg',3056,2127,'image-in',693,207,348,350,50307,NULL,NULL),(494,'https://demoweblinks.in/troosten/wp-content/uploads/2017/03/services-item-img02.jpg',3057,2127,'image-in',694,207,348,350,50307,NULL,NULL),(495,'https://demoweblinks.in/troosten/wp-content/uploads/2017/03/services-item-img02.jpg',3058,2127,'image-in',695,207,348,350,50307,NULL,NULL),(496,'https://demoweblinks.in/troosten/wp-content/uploads/2017/03/services-item-img02.jpg',3059,2127,'image-in',696,207,348,350,50307,NULL,NULL),(514,'https://demoweblinks.in/troosten/wp-content/uploads/2022/05/hvac-1-390x390.png',56,3184,'image-in',313,711,390,390,264638,NULL,NULL),(515,'https://demoweblinks.in/troosten/wp-content/uploads/2022/05/hvac-2-390x390.png',56,3185,'image-in',313,712,390,390,337345,NULL,NULL),(516,'https://demoweblinks.in/troosten/wp-content/uploads/2022/05/hvac-3-390x390.png',56,3186,'image-in',313,713,390,390,147780,NULL,NULL),(517,'https://demoweblinks.in/troosten/wp-content/uploads/2022/05/testi1.jpg',56,3190,'image-in',313,714,595,852,400209,NULL,NULL),(518,'https://demoweblinks.in/troosten/wp-content/uploads/2017/04/testi2.jpg',56,3195,'image-in',313,716,595,852,308635,NULL,NULL),(521,'https://demoweblinks.in/troosten/wp-content/uploads/2022/05/AdobeStock_352834325.jpg',1520,3209,'image-in',293,718,1403,2100,585632,NULL,NULL),(557,'https://demoweblinks.in/troosten/wp-content/uploads/2022/05/Picture14.jpg',393,3329,'internal',316,769,NULL,NULL,NULL,NULL,NULL),(558,'https://demoweblinks.in/troosten/wp-content/uploads/2022/05/Picture13.jpg',393,NULL,'internal',316,NULL,NULL,NULL,NULL,NULL,NULL),(559,'https://demoweblinks.in/troosten/wp-content/uploads/2022/05/Picture12.jpg',393,NULL,'internal',316,NULL,NULL,NULL,NULL,NULL,NULL),(560,'https://demoweblinks.in/troosten/wp-content/uploads/2022/05/Picture11.jpg',393,NULL,'internal',316,NULL,NULL,NULL,NULL,NULL,NULL),(561,'https://demoweblinks.in/troosten/wp-content/uploads/2022/05/Picture10.jpg',393,NULL,'internal',316,NULL,NULL,NULL,NULL,NULL,NULL),(562,'https://demoweblinks.in/troosten/wp-content/uploads/2022/05/Picture9.jpg',393,NULL,'internal',316,NULL,NULL,NULL,NULL,NULL,NULL),(563,'https://demoweblinks.in/troosten/wp-content/uploads/2022/05/Picture09.png',393,NULL,'internal',316,NULL,NULL,NULL,NULL,NULL,NULL),(564,'https://demoweblinks.in/troosten/wp-content/uploads/2022/05/Picture8.jpg',393,3315,'internal',316,760,NULL,NULL,NULL,NULL,NULL),(565,'https://demoweblinks.in/troosten/wp-content/uploads/2022/05/Picture14.jpg',393,3329,'image-in',316,769,288,398,37520,NULL,NULL),(566,'https://demoweblinks.in/troosten/wp-content/uploads/2022/05/Picture13.jpg',393,3327,'image-in',316,770,221,492,35287,NULL,NULL),(567,'https://demoweblinks.in/troosten/wp-content/uploads/2022/05/Picture12.jpg',393,3325,'image-in',316,771,228,405,24129,NULL,NULL),(568,'https://demoweblinks.in/troosten/wp-content/uploads/2022/05/Picture11.jpg',393,3323,'image-in',316,772,306,492,49471,NULL,NULL),(569,'https://demoweblinks.in/troosten/wp-content/uploads/2022/05/Picture10.jpg',393,3321,'image-in',316,773,287,383,27310,NULL,NULL),(570,'https://demoweblinks.in/troosten/wp-content/uploads/2022/05/Picture9.jpg',393,3319,'image-in',316,774,290,388,24692,NULL,NULL),(571,'https://demoweblinks.in/troosten/wp-content/uploads/2022/05/Picture09.png',393,3317,'image-in',316,775,274,341,252510,NULL,NULL),(572,'https://demoweblinks.in/troosten/wp-content/uploads/2022/05/Picture8.jpg',393,3315,'image-in',316,760,150,194,12114,NULL,NULL),(573,'https://demoweblinks.in/troosten/wp-content/uploads/2022/05/Picture15.jpg',3331,3333,'image-in',776,777,216,405,18096,NULL,NULL),(574,'https://demoweblinks.in/troosten/wp-content/uploads/2022/05/Picture16.jpg',3331,3334,'image-in',776,778,235,391,11276,NULL,NULL),(575,'https://demoweblinks.in/troosten/wp-content/uploads/2022/05/Picture15.jpg',3331,3333,'image-in',776,777,216,405,18096,NULL,NULL),(576,'https://demoweblinks.in/troosten/wp-content/uploads/2022/05/Picture17-1.jpg',3331,3338,'image-in',776,779,164,304,12299,NULL,NULL),(577,'https://demoweblinks.in/troosten/wp-content/uploads/2022/05/Picture18-1.png',3331,3342,'image-in',776,780,289,281,79586,NULL,NULL),(578,'https://demoweblinks.in/troosten/wp-content/uploads/2022/05/Picture19.jpg',3331,3343,'image-in',776,781,285,237,9061,NULL,NULL),(579,'https://demoweblinks.in/troosten/wp-content/uploads/2022/05/Picture20-1.jpg',3331,3344,'image-in',776,782,238,237,6398,NULL,NULL),(582,'https://demoweblinks.in/troosten/wp-content/uploads/2022/05/aspen-pump.png',56,3381,'image-in',313,787,116,160,11436,NULL,NULL),(583,'https://demoweblinks.in/troosten/wp-content/uploads/2022/05/hitachi.png',56,3382,'image-in',313,788,116,160,3565,NULL,NULL),(584,'https://demoweblinks.in/troosten/wp-content/uploads/2022/05/johnsob.png',56,3383,'image-in',313,789,116,160,14047,NULL,NULL),(585,'https://demoweblinks.in/troosten/wp-content/uploads/2022/05/fijistu.png',56,3400,'image-in',313,790,116,160,4544,NULL,NULL),(586,'https://demoweblinks.in/troosten/wp-content/uploads/2022/05/general.png',56,3401,'image-in',313,791,116,160,5331,NULL,NULL),(587,'https://demoweblinks.in/troosten/wp-content/uploads/2022/05/aire-maskin.png',56,3402,'image-in',313,792,116,160,5679,NULL,NULL),(608,'https://demoweblinks.in/troosten/wp-content/uploads/2022/05/hvac-png-generic-no-label-units-png-2726-2.png',56,3469,'image-in',313,809,157,232,46161,NULL,NULL),(609,'https://demoweblinks.in/troosten/wp-content/uploads/2022/05/Picture24-150x142.jpg',56,3256,'image-in',313,732,142,338,12342,NULL,NULL),(610,'https://demoweblinks.in/troosten/wp-content/uploads/2022/05/Picture23-150x150.jpg',56,3257,'image-in',313,733,176,176,7647,NULL,NULL),(611,'https://demoweblinks.in/troosten/wp-content/uploads/2022/05/Picture22-150x150.png',56,3258,'image-in',313,734,179,181,18776,NULL,NULL),(612,'https://demoweblinks.in/troosten/wp-content/uploads/2022/05/Picture21-150x86.png',56,3259,'image-in',313,735,86,291,28463,NULL,NULL),(613,'https://demoweblinks.in/troosten/wp-content/uploads/2022/05/Picture20-150x62.jpg',56,3260,'image-in',313,736,62,405,10127,NULL,NULL),(614,'https://demoweblinks.in/troosten/wp-content/uploads/2022/05/Picture19-150x56.png',56,3261,'image-in',313,737,56,183,11161,NULL,NULL),(615,'https://demoweblinks.in/troosten/wp-content/uploads/2022/05/Picture18-150x150.png',56,3262,'image-in',313,738,160,160,7660,NULL,NULL),(616,'https://demoweblinks.in/troosten/wp-content/uploads/2022/05/Picture17-150x110.jpg',56,3263,'image-in',313,739,110,501,20759,NULL,NULL),(617,'https://demoweblinks.in/troosten/wp-content/uploads/2022/05/Picture16-150x134.png',56,3264,'image-in',313,740,134,367,28748,NULL,NULL),(618,'https://demoweblinks.in/troosten/wp-content/uploads/2022/05/Picture15.png',56,3265,'image-in',313,741,138,105,9606,NULL,NULL),(619,'https://demoweblinks.in/troosten/wp-content/uploads/2022/05/Picture14-150x56.png',56,3266,'image-in',313,742,56,351,4123,NULL,NULL),(630,'https://demoweblinks.in/troosten/wp-content/uploads/2022/05/arcade.jpg',56,3446,'image-in',313,799,120,430,8425,NULL,NULL),(631,'https://demoweblinks.in/troosten/wp-content/uploads/2022/05/ladder.jpg',56,3448,'image-in',313,801,120,91,2886,NULL,NULL),(632,'https://demoweblinks.in/troosten/wp-content/uploads/2022/05/cochin-shipyard.jpg',56,3447,'image-in',313,800,120,284,5523,NULL,NULL),(633,'https://demoweblinks.in/troosten/wp-content/uploads/2022/05/mvr.jpg',56,3449,'image-in',313,802,120,328,10865,NULL,NULL),(634,'https://demoweblinks.in/troosten/wp-content/uploads/2022/05/sanjeevnm.jpg',56,3451,'image-in',313,804,120,390,8756,NULL,NULL),(635,'https://demoweblinks.in/troosten/wp-content/uploads/2022/05/nit.jpg',56,3450,'image-in',313,803,120,673,13130,NULL,NULL),(636,'https://demoweblinks.in/troosten/wp-content/uploads/2022/05/silpi.jpg',56,3452,'image-in',313,805,120,119,2167,NULL,NULL),(637,'https://demoweblinks.in/troosten/wp-content/uploads/2022/05/tata.jpg',56,3453,'image-in',313,806,120,746,16852,NULL,NULL),(638,'https://demoweblinks.in/troosten/wp-content/uploads/2022/05/tulsi.jpg',56,3454,'image-in',313,807,120,120,3657,NULL,NULL),(639,'https://demoweblinks.in/troosten/wp-content/uploads/2022/05/zealors.jpg',56,3455,'image-in',313,808,120,122,3865,NULL,NULL);
/*!50112 PREPARE s FROM @disable_bulk_load */;
/*!50112 EXECUTE s */;
/*!50112 DEALLOCATE PREPARE s */;


